{"id":814,"date":"2020-10-30T11:58:03","date_gmt":"2020-10-30T10:58:03","guid":{"rendered":"https:\/\/ceref-test.helha.be\/technique\/?page_id=814"},"modified":"2026-01-07T14:02:04","modified_gmt":"2026-01-07T14:02:04","slug":"pole-de-recherche-en-biotechnologie","status":"publish","type":"page","link":"https:\/\/ceref.helha.be\/technique\/presentation\/pole-de-recherche-en-biotechnologie\/","title":{"rendered":"P\u00f4le de recherche en biotechnologie"},"content":{"rendered":"<div class=\"row\">\n<div class=\"col-12 col-md-7\">\n<p>Le p\u00f4le de recherche en biotechnologie du CeREF TECHNIQUE s&rsquo;est sp\u00e9cialis\u00e9 ces derni\u00e8res ann\u00e9es dans le d\u00e9veloppement d&rsquo;<strong>extraits v\u00e9g\u00e9taux<\/strong>, leur concentration ainsi que leur filtration via des outils traditionnels ou via des outils innovants tels que l&rsquo;\u00e9lectrodialyse \u00e0 membranes bipolaires. Il propose aussi l&rsquo;analyse de ces extraits et leur \u00e9tude de vieillissement et ce pour les mol\u00e9cules ou les groupes de mol\u00e9cules d&rsquo;int\u00e9r\u00eat. Les extraits formul\u00e9s sont essentiellement destin\u00e9s au secteur cosm\u00e9tique ou agro-alimentaire. Une autre sp\u00e9cialit\u00e9 de notre centre de recherche est de proposer le d\u00e9veloppement de <strong>microbilles<\/strong> pouvant int\u00e9grer des formulations cosm\u00e9tiques, des aliments ou encore des dispositifs m\u00e9dicaux. La technique employ\u00e9e est le jet-cutting suivi d&rsquo;une g\u00e9lification ionotropique. L&rsquo;\u00e9valuation des microbilles et \u00e9ventuellement des principes actifs qu&rsquo;elles renferment peut \u00e9galement \u00eatre \u00e9tudi\u00e9e. A cet effet, nous disposons d&rsquo;un ensemble d&rsquo;outils analytiques.<\/p>\n<div class=\"card\">\n<p class=\"card-body fs-5 mb-0\">Au travers de ces diff\u00e9rentes comp\u00e9tences, l&rsquo;ambition du p\u00f4le biotechnologie est de devenir un acteur de premier niveau dans le d\u00e9veloppement de mati\u00e8res premi\u00e8res et d&rsquo;actifs innovants par leur nature, leur composition ou leur m\u00e9thode de production pour le secteur cosm\u00e9tique. Le d\u00e9fis est de r\u00e9pondre aux attentes de ce secteur tout en gardant \u00e0 l&rsquo;esprit la l\u00e9gislation, l&rsquo;environnement, l&rsquo;\u00e9conomie circulaire, &#8230;<\/p>\n<\/div>\n<p class=\"mt-3\">L&rsquo;illustration de ces activit\u00e9s peut se retrouver dans des projets tels que :<\/p>\n<ul class=\"list-unstyled row\">\n<li class=\"col-md-4\">\n<div class=\"card card-link\"><a href=\"\/technique\/projets\/poc-cavenat-greenboost\/\" target=\"_blank\" class=\"card-body h4\">CAVENAT<\/a><\/div>\n<\/li>\n<li class=\"col-md-4 mt-3 mt-md-0\">\n<div class=\"card card-link\"><a href=\"\/technique\/projets\/fhe-minocos\/\" target=\"_blank\" class=\"card-body h4\">MINOCOS<\/a><\/div>\n<\/li>\n<li class=\"col-md-4 mt-3 mt-md-0\">\n<div class=\"card card-link\"><a href=\"\/technique\/projets\/fso-nahop\/\" target=\"_blank\" class=\"card-body h4\">NAHOP<\/a><\/div>\n<\/li>\n<\/ul>\n<\/div>\n<div class=\"col-12 col-md-5 mt-3\">\n<figure>\n            <img loading=\"lazy\" decoding=\"async\" class=\"wp-image-820 aligncenter\" src=\"https:\/\/ceref.helha.be\/technique\/app\/uploads\/2020\/10\/Version-site-internet-p\u00f4le-biotech-copie-e1738765125702.jpg\" alt=\"Comp\u00e9tences du p\u00f4le biotechnologie du CeREF Technique\" width=\"500\" height=\"500\" srcset=\"https:\/\/ceref.helha.be\/technique\/app\/uploads\/2020\/10\/Version-site-internet-p\u00f4le-biotech-copie-e1738765125702.jpg 1118w, https:\/\/ceref.helha.be\/technique\/app\/uploads\/2020\/10\/Version-site-internet-p\u00f4le-biotech-copie-e1738765125702-300x300.jpg 300w, https:\/\/ceref.helha.be\/technique\/app\/uploads\/2020\/10\/Version-site-internet-p\u00f4le-biotech-copie-e1738765125702-1024x1024.jpg 1024w, https:\/\/ceref.helha.be\/technique\/app\/uploads\/2020\/10\/Version-site-internet-p\u00f4le-biotech-copie-e1738765125702-150x150.jpg 150w, https:\/\/ceref.helha.be\/technique\/app\/uploads\/2020\/10\/Version-site-internet-p\u00f4le-biotech-copie-e1738765125702-768x768.jpg 768w\" sizes=\"auto, (max-width: 500px) 100vw, 500px\" \/><figcaption class=\"figure-caption text-center\">\n                Comp\u00e9tences du p\u00f4le biotechnologie du CeREF Technique.<br \/>\n            <\/figcaption><\/figure>\n<p><strong>Nous serons ravis de mettre nos comp\u00e9tences \u00e0 votre service ! <\/strong><\/p>\n<\/div>\n<\/div>\n<div class=\"row mt-3\">\n<div class=\"col-12 col-md-7\">\n<div class=\"card card-link bg-he-current bg-he-styled\">\n<div class=\"card-body\">\n<p class=\"fs-5 mb-0 text-he-white\">Nous accueillons r\u00e9guli\u00e8rement des stagiaires de niveau technicien en chimie (secondaire sup\u00e9rieur technique qualifiant), bachelier ou encore master, alors n&rsquo;h\u00e9sitez pas \u00e0 venir enrichir nos connaissances le tout dans une \u00e9quipe accueillante et dynamique.<\/p>\n<div><a class=\"btn btn-he-grey stretched-link mt-2 mb-0\" href=\"\/technique\/stage\/stage-biotechnologie\/\">Stages du p\u00f4le biotechnologie<\/a><\/div>\n<\/div>\n<\/div>\n<\/div>\n<div class=\"col-12 col-md-5 mt-3 mt-md-0\">\n<div class=\"card card-link bg-he-current bg-he-styled\">\n<div class=\"card-body\">\n<p class=\"fs-5 mb-0 text-he-white\">Vous trouverez une description plus compl\u00e8te des projets en cours sur la page des projets :<\/p>\n<div class=\"btn btn-he-grey stretched-link mt-2 mb-0\" href=\"\/technique\/projets\/\">Projets du CeREF Technique<\/a><\/div>\n<\/div>\n<\/div>\n<\/div>\n<\/div>\n","protected":false},"excerpt":{"rendered":"<p>Le p\u00f4le de recherche en biotechnologie du CeREF TECHNIQUE s&rsquo;est sp\u00e9cialis\u00e9 ces derni\u00e8res ann\u00e9es dans le d\u00e9veloppement d&rsquo;extraits v\u00e9g\u00e9taux, leur concentration ainsi que leur filtration via des outils traditionnels ou via des outils innovants tels que l&rsquo;\u00e9lectrodialyse \u00e0 membranes bipolaires. Il propose aussi l&rsquo;analyse de ces extraits et leur \u00e9tude de vieillissement et ce pour [&hellip;]<\/p>\n","protected":false},"author":10,"featured_media":1356,"parent":234,"menu_order":1,"comment_status":"closed","ping_status":"closed","template":"template-fullwidth.php","meta":{"_acf_changed":false,"footnotes":""},"class_list":["post-814","page","type-page","status-publish","has-post-thumbnail","hentry"],"acf":[],"yoast_head":"<!-- This site is optimized with the Yoast SEO plugin v21.9.1 - https:\/\/yoast.com\/wordpress\/plugins\/seo\/ -->\n<title>P\u00f4le de recherche en biotechnologie - CeREF Technique<\/title>\n<meta name=\"robots\" content=\"index, follow, max-snippet:-1, max-image-preview:large, max-video-preview:-1\" \/>\n<link rel=\"canonical\" href=\"https:\/\/ceref.helha.be\/technique\/presentation\/pole-de-recherche-en-biotechnologie\/\" \/>\n<meta property=\"og:locale\" content=\"fr_FR\" \/>\n<meta property=\"og:type\" content=\"article\" \/>\n<meta property=\"og:title\" content=\"P\u00f4le de recherche en biotechnologie - CeREF Technique\" \/>\n<meta property=\"og:description\" content=\"Le p\u00f4le de recherche en biotechnologie du CeREF TECHNIQUE s&rsquo;est sp\u00e9cialis\u00e9 ces derni\u00e8res ann\u00e9es dans le d\u00e9veloppement d&rsquo;extraits v\u00e9g\u00e9taux, leur concentration ainsi que leur filtration via des outils traditionnels ou via des outils innovants tels que l&rsquo;\u00e9lectrodialyse \u00e0 membranes bipolaires. Il propose aussi l&rsquo;analyse de ces extraits et leur \u00e9tude de vieillissement et ce pour [&hellip;]\" \/>\n<meta property=\"og:url\" content=\"https:\/\/ceref.helha.be\/technique\/presentation\/pole-de-recherche-en-biotechnologie\/\" \/>\n<meta property=\"og:site_name\" content=\"CeREF Technique\" \/>\n<meta property=\"article:publisher\" content=\"https:\/\/www.facebook.com\/Ceref.helha\" \/>\n<meta property=\"article:modified_time\" content=\"2026-01-07T14:02:04+00:00\" \/>\n<meta property=\"og:image\" content=\"https:\/\/ceref.helha.be\/technique\/app\/uploads\/2021\/02\/BandeauBioTech-1024x171.png\" \/>\n\t<meta property=\"og:image:width\" content=\"1024\" \/>\n\t<meta property=\"og:image:height\" content=\"171\" \/>\n\t<meta property=\"og:image:type\" content=\"image\/png\" \/>\n<meta name=\"twitter:card\" content=\"summary_large_image\" \/>\n<meta name=\"twitter:label1\" content=\"Est. reading time\" \/>\n\t<meta name=\"twitter:data1\" content=\"2 minutes\" \/>\n<script type=\"application\/ld+json\" class=\"yoast-schema-graph\">{\"@context\":\"https:\/\/schema.org\",\"@graph\":[{\"@type\":\"WebPage\",\"@id\":\"https:\/\/ceref.helha.be\/technique\/presentation\/pole-de-recherche-en-biotechnologie\/\",\"url\":\"https:\/\/ceref.helha.be\/technique\/presentation\/pole-de-recherche-en-biotechnologie\/\",\"name\":\"P\u00f4le de recherche en biotechnologie - CeREF Technique\",\"isPartOf\":{\"@id\":\"https:\/\/ceref.helha.be\/technique\/#website\"},\"datePublished\":\"2020-10-30T10:58:03+00:00\",\"dateModified\":\"2026-01-07T14:02:04+00:00\",\"breadcrumb\":{\"@id\":\"https:\/\/ceref.helha.be\/technique\/presentation\/pole-de-recherche-en-biotechnologie\/#breadcrumb\"},\"inLanguage\":\"fr-BE\",\"potentialAction\":[{\"@type\":\"ReadAction\",\"target\":[\"https:\/\/ceref.helha.be\/technique\/presentation\/pole-de-recherche-en-biotechnologie\/\"]}]},{\"@type\":\"BreadcrumbList\",\"@id\":\"https:\/\/ceref.helha.be\/technique\/presentation\/pole-de-recherche-en-biotechnologie\/#breadcrumb\",\"itemListElement\":[{\"@type\":\"ListItem\",\"position\":1,\"name\":\"Home\",\"item\":\"https:\/\/ceref.helha.be\/technique\/\"},{\"@type\":\"ListItem\",\"position\":2,\"name\":\"CeREF Technique\",\"item\":\"https:\/\/ceref.helha.be\/technique\/\"},{\"@type\":\"ListItem\",\"position\":3,\"name\":\"P\u00f4le de recherche en biotechnologie\"}]},{\"@type\":\"WebSite\",\"@id\":\"https:\/\/ceref.helha.be\/technique\/#website\",\"url\":\"https:\/\/ceref.helha.be\/technique\/\",\"name\":\"CeREF Technique - Centre de Recherche et de Formation continue de la HELHa\",\"description\":\"Centre de Recherche et de Formation HELHa\",\"publisher\":{\"@id\":\"https:\/\/ceref.helha.be\/technique\/#organization\"},\"potentialAction\":[{\"@type\":\"SearchAction\",\"target\":{\"@type\":\"EntryPoint\",\"urlTemplate\":\"https:\/\/ceref.helha.be\/technique\/?s={search_term_string}\"},\"query-input\":\"required name=search_term_string\"}],\"inLanguage\":\"fr-BE\"},{\"@type\":\"Organization\",\"@id\":\"https:\/\/ceref.helha.be\/technique\/#organization\",\"name\":\"CeREF Technique - Centre de Recherche et de Formation continue de la HELHa\",\"url\":\"https:\/\/ceref.helha.be\/technique\/\",\"logo\":{\"@type\":\"ImageObject\",\"inLanguage\":\"fr-BE\",\"@id\":\"https:\/\/ceref.helha.be\/technique\/#\/schema\/logo\/image\/\",\"url\":\"https:\/\/ceref.helha.be\/technique\/app\/uploads\/2019\/12\/logo-cereftechnique.jpg\",\"contentUrl\":\"https:\/\/ceref.helha.be\/technique\/app\/uploads\/2019\/12\/logo-cereftechnique.jpg\",\"width\":278,\"height\":154,\"caption\":\"CeREF Technique - Centre de Recherche et de Formation continue de la HELHa\"},\"image\":{\"@id\":\"https:\/\/ceref.helha.be\/technique\/#\/schema\/logo\/image\/\"},\"sameAs\":[\"https:\/\/www.facebook.com\/Ceref.helha\",\"https:\/\/www.linkedin.com\/company\/ceref-helha\/\"]}]}<\/script>\n<!-- \/ Yoast SEO plugin. -->","yoast_head_json":{"title":"P\u00f4le de recherche en biotechnologie - CeREF Technique","robots":{"index":"index","follow":"follow","max-snippet":"max-snippet:-1","max-image-preview":"max-image-preview:large","max-video-preview":"max-video-preview:-1"},"canonical":"https:\/\/ceref.helha.be\/technique\/presentation\/pole-de-recherche-en-biotechnologie\/","og_locale":"fr_FR","og_type":"article","og_title":"P\u00f4le de recherche en biotechnologie - CeREF Technique","og_description":"Le p\u00f4le de recherche en biotechnologie du CeREF TECHNIQUE s&rsquo;est sp\u00e9cialis\u00e9 ces derni\u00e8res ann\u00e9es dans le d\u00e9veloppement d&rsquo;extraits v\u00e9g\u00e9taux, leur concentration ainsi que leur filtration via des outils traditionnels ou via des outils innovants tels que l&rsquo;\u00e9lectrodialyse \u00e0 membranes bipolaires. Il propose aussi l&rsquo;analyse de ces extraits et leur \u00e9tude de vieillissement et ce pour [&hellip;]","og_url":"https:\/\/ceref.helha.be\/technique\/presentation\/pole-de-recherche-en-biotechnologie\/","og_site_name":"CeREF Technique","article_publisher":"https:\/\/www.facebook.com\/Ceref.helha","article_modified_time":"2026-01-07T14:02:04+00:00","og_image":[{"width":1024,"height":171,"url":"https:\/\/ceref.helha.be\/technique\/app\/uploads\/2021\/02\/BandeauBioTech-1024x171.png","type":"image\/png"}],"twitter_card":"summary_large_image","twitter_misc":{"Est. reading time":"2 minutes"},"schema":{"@context":"https:\/\/schema.org","@graph":[{"@type":"WebPage","@id":"https:\/\/ceref.helha.be\/technique\/presentation\/pole-de-recherche-en-biotechnologie\/","url":"https:\/\/ceref.helha.be\/technique\/presentation\/pole-de-recherche-en-biotechnologie\/","name":"P\u00f4le de recherche en biotechnologie - CeREF Technique","isPartOf":{"@id":"https:\/\/ceref.helha.be\/technique\/#website"},"datePublished":"2020-10-30T10:58:03+00:00","dateModified":"2026-01-07T14:02:04+00:00","breadcrumb":{"@id":"https:\/\/ceref.helha.be\/technique\/presentation\/pole-de-recherche-en-biotechnologie\/#breadcrumb"},"inLanguage":"fr-BE","potentialAction":[{"@type":"ReadAction","target":["https:\/\/ceref.helha.be\/technique\/presentation\/pole-de-recherche-en-biotechnologie\/"]}]},{"@type":"BreadcrumbList","@id":"https:\/\/ceref.helha.be\/technique\/presentation\/pole-de-recherche-en-biotechnologie\/#breadcrumb","itemListElement":[{"@type":"ListItem","position":1,"name":"Home","item":"https:\/\/ceref.helha.be\/technique\/"},{"@type":"ListItem","position":2,"name":"CeREF Technique","item":"https:\/\/ceref.helha.be\/technique\/"},{"@type":"ListItem","position":3,"name":"P\u00f4le de recherche en biotechnologie"}]},{"@type":"WebSite","@id":"https:\/\/ceref.helha.be\/technique\/#website","url":"https:\/\/ceref.helha.be\/technique\/","name":"CeREF Technique - Centre de Recherche et de Formation continue de la HELHa","description":"Centre de Recherche et de Formation HELHa","publisher":{"@id":"https:\/\/ceref.helha.be\/technique\/#organization"},"potentialAction":[{"@type":"SearchAction","target":{"@type":"EntryPoint","urlTemplate":"https:\/\/ceref.helha.be\/technique\/?s={search_term_string}"},"query-input":"required name=search_term_string"}],"inLanguage":"fr-BE"},{"@type":"Organization","@id":"https:\/\/ceref.helha.be\/technique\/#organization","name":"CeREF Technique - Centre de Recherche et de Formation continue de la HELHa","url":"https:\/\/ceref.helha.be\/technique\/","logo":{"@type":"ImageObject","inLanguage":"fr-BE","@id":"https:\/\/ceref.helha.be\/technique\/#\/schema\/logo\/image\/","url":"https:\/\/ceref.helha.be\/technique\/app\/uploads\/2019\/12\/logo-cereftechnique.jpg","contentUrl":"https:\/\/ceref.helha.be\/technique\/app\/uploads\/2019\/12\/logo-cereftechnique.jpg","width":278,"height":154,"caption":"CeREF Technique - Centre de Recherche et de Formation continue de la HELHa"},"image":{"@id":"https:\/\/ceref.helha.be\/technique\/#\/schema\/logo\/image\/"},"sameAs":["https:\/\/www.facebook.com\/Ceref.helha","https:\/\/www.linkedin.com\/company\/ceref-helha\/"]}]}},"_links":{"self":[{"href":"https:\/\/ceref.helha.be\/technique\/wp-json\/wp\/v2\/pages\/814","targetHints":{"allow":["GET"]}}],"collection":[{"href":"https:\/\/ceref.helha.be\/technique\/wp-json\/wp\/v2\/pages"}],"about":[{"href":"https:\/\/ceref.helha.be\/technique\/wp-json\/wp\/v2\/types\/page"}],"author":[{"embeddable":true,"href":"https:\/\/ceref.helha.be\/technique\/wp-json\/wp\/v2\/users\/10"}],"replies":[{"embeddable":true,"href":"https:\/\/ceref.helha.be\/technique\/wp-json\/wp\/v2\/comments?post=814"}],"version-history":[{"count":31,"href":"https:\/\/ceref.helha.be\/technique\/wp-json\/wp\/v2\/pages\/814\/revisions"}],"predecessor-version":[{"id":3169,"href":"https:\/\/ceref.helha.be\/technique\/wp-json\/wp\/v2\/pages\/814\/revisions\/3169"}],"up":[{"embeddable":true,"href":"https:\/\/ceref.helha.be\/technique\/wp-json\/wp\/v2\/pages\/234"}],"wp:featuredmedia":[{"embeddable":true,"href":"https:\/\/ceref.helha.be\/technique\/wp-json\/wp\/v2\/media\/1356"}],"wp:attachment":[{"href":"https:\/\/ceref.helha.be\/technique\/wp-json\/wp\/v2\/media?parent=814"}],"curies":[{"name":"wp","href":"https:\/\/api.w.org\/{rel}","templated":true}]}}