{"id":2801,"date":"2023-09-14T11:51:38","date_gmt":"2023-09-14T09:51:38","guid":{"rendered":"https:\/\/ceref.helha.be\/technique\/?page_id=2801"},"modified":"2023-09-14T11:58:20","modified_gmt":"2023-09-14T09:58:20","slug":"ekin","status":"publish","type":"page","link":"https:\/\/ceref.helha.be\/technique\/ekin\/","title":{"rendered":"Ekin"},"content":{"rendered":"<p>English below<\/p>\n<h1 style=\"text-align: justify;\">[FR] Pr\u00e9sentation du projet<\/h1>\n<p style=\"text-align: justify;\">Le projet EKIN \u2014 <strong>Environnement de KIn\u00e9sith\u00e9rapie Nomade<\/strong> \u2014 s\u2019inscrit dans le domaine des technologies d\u2019analyse biom\u00e9canique et des <strong>Troubles MusculoSquelettiques<\/strong>, appel\u00e9s TMS.<\/p>\n<p style=\"text-align: justify;\">Les TMS sont d\u00e9finis comme un groupe d\u2019affections progressives ou traumatiques affectant l\u2019appareil locomoteur. Ces troubles causent des douleurs, des inconforts, mais aussi des probl\u00e8mes fonctionnels et une r\u00e9duction de la qualit\u00e9 de vie.<\/p>\n<p style=\"text-align: justify;\">Les TMS constituent une v\u00e9ritable probl\u00e9matique soci\u00e9tale en \u00e9tant l\u2019une des principales causes d\u2019absent\u00e9isme en Belgique et en France, repr\u00e9sentent plus de 88\u00a0% des maladies professionnelles.<\/p>\n<p style=\"text-align: justify;\">Chaque personne \u00e9tant unique, nous souhaitons que son suivi le soit tout autant. Par le projet EKIN, nous souhaitons r\u00e9pondre \u00e0 cette probl\u00e9matique soci\u00e9tale en proposant une solution <em>simple<\/em>, <em>user-friendly<\/em>, <em>flexible<\/em> et <em>low cost<\/em>, et ce, gr\u00e2ce \u00e0 l\u2019acquisition de donn\u00e9es cin\u00e9matiques et physiologiques afin de pr\u00e9venir, de diagnostiquer et de traiter les TMS.<\/p>\n<p style=\"text-align: justify;\">Le projet EKIN repose sur trois technologies\u00a0:<\/p>\n<ul style=\"text-align: justify;\">\n<li>La <strong>r\u00e9alit\u00e9 virtuelle<\/strong> pour plonger un utilisateur dans un environnement virtuel et de lui proposer des activit\u00e9s adapt\u00e9es.<\/li>\n<li>Les <strong>capteurs<\/strong> pour acqu\u00e9rir des donn\u00e9es cin\u00e9matiques et physiologiques.<\/li>\n<li>Un syst\u00e8me de <strong>biofeedback<\/strong> pour que l\u2019utilisateur soit conscient de ce qu\u2019il fait correctement ou non afin qu\u2019il puisse se corriger.<\/li>\n<\/ul>\n<p style=\"text-align: justify;\">Le projet EKIN souhaite aussi r\u00e9pondre \u00e0 quatre probl\u00e9matiques soulev\u00e9es par la kin\u00e9sith\u00e9rapie. La premi\u00e8re consiste en un environnement dans lequel \u00e9volue le patient qui est limit\u00e9 et non repr\u00e9sentatif du quotidien de ce dernier. La deuxi\u00e8me probl\u00e9matique se rapporte \u00e0 l\u2019observation du patient qui peut \u00eatre limit\u00e9e en fonction des capacit\u00e9s du praticien. Ensuite, le projet EKIN souhaite r\u00e9pondre \u00e0 la probl\u00e9matique de l&rsquo;adoption de la pratique mixte (distanciel et pr\u00e9sentiel) de la kin\u00e9sith\u00e9rapie soulev\u00e9e apr\u00e8s la pand\u00e9mie. Et enfin, la derni\u00e8re probl\u00e9matique se r\u00e9f\u00e8re aux co\u00fbts tr\u00e8s \u00e9lev\u00e9s pratiqu\u00e9s dans le domaine de l\u2019analyse du mouvement instrument\u00e9e.<\/p>\n<p style=\"text-align: justify;\">\u00a0<\/p>\n<p style=\"text-align: justify;\">Le projet EKIN fait suite \u00e0 une s\u00e9rie de projets connexes ayant permis d\u2019acqu\u00e9rir des connaissances et comp\u00e9tences dans les domaines \u00e9tudi\u00e9s, mais aussi de soulever de nouvelles probl\u00e9matiques. Les projets connexes li\u00e9s au domaine de la kin\u00e9sith\u00e9rapie sont les suivants\u00a0:<\/p>\n<ul style=\"text-align: justify;\">\n<li><a href=\"https:\/\/ceref.helha.be\/technique\/projets\/fhe-tracktms\/\">TRACKTMS<\/a><\/li>\n<li><a href=\"https:\/\/ceref.helha.be\/technique\/projets\/fhe-dyskimot\/\">DYSKIMOT <\/a><\/li>\n<li><a href=\"https:\/\/ceref.helha.be\/technique\/projets\/interreg-nomade\/\">NOMADe<\/a><\/li>\n<\/ul>\n<p style=\"text-align: justify;\">Et nous avons aussi le projet <a href=\"https:\/\/ceref.helha.be\/technique\/projets\/fhe-cleveriot\/\">CLEVERIOT<\/a> pour l\u2019aspect plateforme de communication multi-standard.<\/p>\n<h1><img decoding=\"async\" class=\"aligncenter\" src=\"https:\/\/ceref.helha.be\/technique\/app\/uploads\/2023\/09\/Logo-EKIN.png\" alt=\"\" \/>[EN] Project overview<\/h1>\n<p style=\"text-align: justify;\">The <strong>EKIN<\/strong> project is part of the field of biomechanical analysis technologies and <strong>MusculoSkeletal Disorders<\/strong>, known as MSDs.<\/p>\n<p style=\"text-align: justify;\">MSDs are defined as a group of progressive or traumatic conditions affecting the musculoskeletal system. These disorders cause pain and discomfort, as well as functional disabilities and a life reduction quality.<\/p>\n<p style=\"text-align: justify;\">MSDs are a real problem for society, being one of the main causes of absenteeism in Belgium and in France, accounting for more than 88% of occupational illnesses.<\/p>\n<p style=\"text-align: justify;\">As each person is unique, we want them to be treated in the same way. Through the EKIN project, we want to answer to this societal issue by offering a <em>simple<\/em>, <em>user-friendly<\/em>, <em>flexible<\/em>, and <em>low-cost<\/em> solution, using kinematic and physiological data acquisition to prevent, diagnose and treat MSDs.<\/p>\n<p style=\"text-align: justify;\">The EKIN project is based on three technologies:<\/p>\n<ul style=\"text-align: justify;\">\n<li><strong>Virtual reality<\/strong> to immerse a user in a virtual environment and suggest appropriate activities.<\/li>\n<li><strong>Sensors<\/strong> to acquire kinematic and physiological data.<\/li>\n<li>A <strong>biofeedback<\/strong> system to make users aware of what they are doing correctly or incorrectly so that they can correct themselves.<\/li>\n<\/ul>\n<p style=\"text-align: justify;\">The EKIN project also aims to address four issues raised by physiotherapy. The first is that the environment in which patients evolve is limited and not representative of their daily lives. The second issue relates to patient observation, which may be limited depending on the practitioner&rsquo;s capabilities. Secondly, the EKIN project aims to address the issue of the adoption of mixed practice (distance and face-to-face) in physiotherapy raised after the pandemic. And finally, the last issue relates to the very high cost of instrumented movement analysis.<\/p>\n<p style=\"text-align: justify;\">\u00a0<\/p>\n<p style=\"text-align: justify;\">The EKIN project ensues from a series of related projects that have enabled the acquisition of knowledge and skills in the areas studied, as well as raising new issues. The related projects in the field of physiotherapy are as follows:<\/p>\n<ul>\n<li><a href=\"https:\/\/ceref.helha.be\/technique\/projets\/fhe-tracktms\/\">TRACKTMS<\/a><\/li>\n<li><a href=\"https:\/\/ceref.helha.be\/technique\/projets\/fhe-dyskimot\/\">DYSKIMOT <\/a><\/li>\n<li><a href=\"https:\/\/ceref.helha.be\/technique\/projets\/interreg-nomade\/\">NOMADe<\/a><\/li>\n<\/ul>\n<p style=\"text-align: justify;\">And we also have the <a href=\"https:\/\/ceref.helha.be\/technique\/projets\/fhe-cleveriot\/\">CLEVERIOT<\/a> project for the multi-standard communication platform aspect.<\/p>\n<h1>Contact<\/h1>\n<p><a href=\"https:\/\/ceref.helha.be\/technique\/equipe\/allard\/\">Charlotte Allard<\/a><\/p>\n<p>&nbsp;<\/p>\n<h1>Parrains du projet \/ Project mentors<\/h1>\n<table style=\"border-collapse: collapse; width: 100%; height: 312px;\">\n<tbody>\n<tr style=\"height: 312px;\">\n<td style=\"width: 33.3333%; height: 312px;\"><img decoding=\"async\" src=\"https:\/\/ceref.helha.be\/technique\/app\/uploads\/2023\/09\/AAXON.png\" alt=\"\" \/><\/td>\n<td style=\"width: 33.3333%; height: 312px;\"><img loading=\"lazy\" decoding=\"async\" src=\"https:\/\/ceref.helha.be\/technique\/app\/uploads\/2023\/09\/OMT-France-scaled.jpg\" alt=\"\" width=\"2560\" height=\"1582\" \/><\/td>\n<td style=\"width: 33.3333%; height: 312px;\"><img decoding=\"async\" src=\"https:\/\/ceref.helha.be\/technique\/app\/uploads\/2023\/09\/OMT-Skills.png\" alt=\"\" \/><\/td>\n<\/tr>\n<\/tbody>\n<\/table>\n","protected":false},"excerpt":{"rendered":"<p>English below [FR] Pr\u00e9sentation du projet Le projet EKIN \u2014 Environnement de KIn\u00e9sith\u00e9rapie Nomade \u2014 s\u2019inscrit dans le domaine des technologies d\u2019analyse biom\u00e9canique et des Troubles MusculoSquelettiques, appel\u00e9s TMS. Les TMS sont d\u00e9finis comme un groupe d\u2019affections progressives ou traumatiques affectant l\u2019appareil locomoteur. Ces troubles causent des douleurs, des inconforts, mais aussi des probl\u00e8mes fonctionnels [&hellip;]<\/p>\n","protected":false},"author":8,"featured_media":0,"parent":0,"menu_order":0,"comment_status":"closed","ping_status":"closed","template":"","meta":{"_acf_changed":false,"footnotes":""},"class_list":["post-2801","page","type-page","status-publish","hentry"],"acf":[],"yoast_head":"<!-- This site is optimized with the Yoast SEO plugin v21.9.1 - https:\/\/yoast.com\/wordpress\/plugins\/seo\/ -->\n<title>Ekin - CeREF Technique<\/title>\n<meta name=\"robots\" content=\"index, follow, max-snippet:-1, max-image-preview:large, max-video-preview:-1\" \/>\n<link rel=\"canonical\" href=\"https:\/\/ceref.helha.be\/technique\/ekin\/\" \/>\n<meta property=\"og:locale\" content=\"fr_FR\" \/>\n<meta property=\"og:type\" content=\"article\" \/>\n<meta property=\"og:title\" content=\"Ekin - CeREF Technique\" \/>\n<meta property=\"og:description\" content=\"English below [FR] Pr\u00e9sentation du projet Le projet EKIN \u2014 Environnement de KIn\u00e9sith\u00e9rapie Nomade \u2014 s\u2019inscrit dans le domaine des technologies d\u2019analyse biom\u00e9canique et des Troubles MusculoSquelettiques, appel\u00e9s TMS. Les TMS sont d\u00e9finis comme un groupe d\u2019affections progressives ou traumatiques affectant l\u2019appareil locomoteur. Ces troubles causent des douleurs, des inconforts, mais aussi des probl\u00e8mes fonctionnels [&hellip;]\" \/>\n<meta property=\"og:url\" content=\"https:\/\/ceref.helha.be\/technique\/ekin\/\" \/>\n<meta property=\"og:site_name\" content=\"CeREF Technique\" \/>\n<meta property=\"article:publisher\" content=\"https:\/\/www.facebook.com\/Ceref.helha\" \/>\n<meta property=\"article:modified_time\" content=\"2023-09-14T09:58:20+00:00\" \/>\n<meta property=\"og:image\" content=\"https:\/\/ceref.helha.be\/technique\/app\/uploads\/2023\/09\/Logo-EKIN.png\" \/>\n<meta name=\"twitter:card\" content=\"summary_large_image\" \/>\n<meta name=\"twitter:label1\" content=\"Est. reading time\" \/>\n\t<meta name=\"twitter:data1\" content=\"5 minutes\" \/>\n<script type=\"application\/ld+json\" class=\"yoast-schema-graph\">{\"@context\":\"https:\/\/schema.org\",\"@graph\":[{\"@type\":\"WebPage\",\"@id\":\"https:\/\/ceref.helha.be\/technique\/ekin\/\",\"url\":\"https:\/\/ceref.helha.be\/technique\/ekin\/\",\"name\":\"Ekin - CeREF Technique\",\"isPartOf\":{\"@id\":\"https:\/\/ceref.helha.be\/technique\/#website\"},\"datePublished\":\"2023-09-14T09:51:38+00:00\",\"dateModified\":\"2023-09-14T09:58:20+00:00\",\"breadcrumb\":{\"@id\":\"https:\/\/ceref.helha.be\/technique\/ekin\/#breadcrumb\"},\"inLanguage\":\"fr-BE\",\"potentialAction\":[{\"@type\":\"ReadAction\",\"target\":[\"https:\/\/ceref.helha.be\/technique\/ekin\/\"]}]},{\"@type\":\"BreadcrumbList\",\"@id\":\"https:\/\/ceref.helha.be\/technique\/ekin\/#breadcrumb\",\"itemListElement\":[{\"@type\":\"ListItem\",\"position\":1,\"name\":\"Home\",\"item\":\"https:\/\/ceref.helha.be\/technique\/\"},{\"@type\":\"ListItem\",\"position\":2,\"name\":\"Ekin\"}]},{\"@type\":\"WebSite\",\"@id\":\"https:\/\/ceref.helha.be\/technique\/#website\",\"url\":\"https:\/\/ceref.helha.be\/technique\/\",\"name\":\"CeREF Technique - Centre de Recherche et de Formation continue de la HELHa\",\"description\":\"Centre de Recherche et de Formation HELHa\",\"publisher\":{\"@id\":\"https:\/\/ceref.helha.be\/technique\/#organization\"},\"potentialAction\":[{\"@type\":\"SearchAction\",\"target\":{\"@type\":\"EntryPoint\",\"urlTemplate\":\"https:\/\/ceref.helha.be\/technique\/?s={search_term_string}\"},\"query-input\":\"required name=search_term_string\"}],\"inLanguage\":\"fr-BE\"},{\"@type\":\"Organization\",\"@id\":\"https:\/\/ceref.helha.be\/technique\/#organization\",\"name\":\"CeREF Technique - Centre de Recherche et de Formation continue de la HELHa\",\"url\":\"https:\/\/ceref.helha.be\/technique\/\",\"logo\":{\"@type\":\"ImageObject\",\"inLanguage\":\"fr-BE\",\"@id\":\"https:\/\/ceref.helha.be\/technique\/#\/schema\/logo\/image\/\",\"url\":\"https:\/\/ceref.helha.be\/technique\/app\/uploads\/2019\/12\/logo-cereftechnique.jpg\",\"contentUrl\":\"https:\/\/ceref.helha.be\/technique\/app\/uploads\/2019\/12\/logo-cereftechnique.jpg\",\"width\":278,\"height\":154,\"caption\":\"CeREF Technique - Centre de Recherche et de Formation continue de la HELHa\"},\"image\":{\"@id\":\"https:\/\/ceref.helha.be\/technique\/#\/schema\/logo\/image\/\"},\"sameAs\":[\"https:\/\/www.facebook.com\/Ceref.helha\",\"https:\/\/www.linkedin.com\/company\/ceref-helha\/\"]}]}<\/script>\n<!-- \/ Yoast SEO plugin. -->","yoast_head_json":{"title":"Ekin - CeREF Technique","robots":{"index":"index","follow":"follow","max-snippet":"max-snippet:-1","max-image-preview":"max-image-preview:large","max-video-preview":"max-video-preview:-1"},"canonical":"https:\/\/ceref.helha.be\/technique\/ekin\/","og_locale":"fr_FR","og_type":"article","og_title":"Ekin - CeREF Technique","og_description":"English below [FR] Pr\u00e9sentation du projet Le projet EKIN \u2014 Environnement de KIn\u00e9sith\u00e9rapie Nomade \u2014 s\u2019inscrit dans le domaine des technologies d\u2019analyse biom\u00e9canique et des Troubles MusculoSquelettiques, appel\u00e9s TMS. Les TMS sont d\u00e9finis comme un groupe d\u2019affections progressives ou traumatiques affectant l\u2019appareil locomoteur. Ces troubles causent des douleurs, des inconforts, mais aussi des probl\u00e8mes fonctionnels [&hellip;]","og_url":"https:\/\/ceref.helha.be\/technique\/ekin\/","og_site_name":"CeREF Technique","article_publisher":"https:\/\/www.facebook.com\/Ceref.helha","article_modified_time":"2023-09-14T09:58:20+00:00","og_image":[{"url":"https:\/\/ceref.helha.be\/technique\/app\/uploads\/2023\/09\/Logo-EKIN.png"}],"twitter_card":"summary_large_image","twitter_misc":{"Est. reading time":"5 minutes"},"schema":{"@context":"https:\/\/schema.org","@graph":[{"@type":"WebPage","@id":"https:\/\/ceref.helha.be\/technique\/ekin\/","url":"https:\/\/ceref.helha.be\/technique\/ekin\/","name":"Ekin - CeREF Technique","isPartOf":{"@id":"https:\/\/ceref.helha.be\/technique\/#website"},"datePublished":"2023-09-14T09:51:38+00:00","dateModified":"2023-09-14T09:58:20+00:00","breadcrumb":{"@id":"https:\/\/ceref.helha.be\/technique\/ekin\/#breadcrumb"},"inLanguage":"fr-BE","potentialAction":[{"@type":"ReadAction","target":["https:\/\/ceref.helha.be\/technique\/ekin\/"]}]},{"@type":"BreadcrumbList","@id":"https:\/\/ceref.helha.be\/technique\/ekin\/#breadcrumb","itemListElement":[{"@type":"ListItem","position":1,"name":"Home","item":"https:\/\/ceref.helha.be\/technique\/"},{"@type":"ListItem","position":2,"name":"Ekin"}]},{"@type":"WebSite","@id":"https:\/\/ceref.helha.be\/technique\/#website","url":"https:\/\/ceref.helha.be\/technique\/","name":"CeREF Technique - Centre de Recherche et de Formation continue de la HELHa","description":"Centre de Recherche et de Formation HELHa","publisher":{"@id":"https:\/\/ceref.helha.be\/technique\/#organization"},"potentialAction":[{"@type":"SearchAction","target":{"@type":"EntryPoint","urlTemplate":"https:\/\/ceref.helha.be\/technique\/?s={search_term_string}"},"query-input":"required name=search_term_string"}],"inLanguage":"fr-BE"},{"@type":"Organization","@id":"https:\/\/ceref.helha.be\/technique\/#organization","name":"CeREF Technique - Centre de Recherche et de Formation continue de la HELHa","url":"https:\/\/ceref.helha.be\/technique\/","logo":{"@type":"ImageObject","inLanguage":"fr-BE","@id":"https:\/\/ceref.helha.be\/technique\/#\/schema\/logo\/image\/","url":"https:\/\/ceref.helha.be\/technique\/app\/uploads\/2019\/12\/logo-cereftechnique.jpg","contentUrl":"https:\/\/ceref.helha.be\/technique\/app\/uploads\/2019\/12\/logo-cereftechnique.jpg","width":278,"height":154,"caption":"CeREF Technique - Centre de Recherche et de Formation continue de la HELHa"},"image":{"@id":"https:\/\/ceref.helha.be\/technique\/#\/schema\/logo\/image\/"},"sameAs":["https:\/\/www.facebook.com\/Ceref.helha","https:\/\/www.linkedin.com\/company\/ceref-helha\/"]}]}},"_links":{"self":[{"href":"https:\/\/ceref.helha.be\/technique\/wp-json\/wp\/v2\/pages\/2801","targetHints":{"allow":["GET"]}}],"collection":[{"href":"https:\/\/ceref.helha.be\/technique\/wp-json\/wp\/v2\/pages"}],"about":[{"href":"https:\/\/ceref.helha.be\/technique\/wp-json\/wp\/v2\/types\/page"}],"author":[{"embeddable":true,"href":"https:\/\/ceref.helha.be\/technique\/wp-json\/wp\/v2\/users\/8"}],"replies":[{"embeddable":true,"href":"https:\/\/ceref.helha.be\/technique\/wp-json\/wp\/v2\/comments?post=2801"}],"version-history":[{"count":7,"href":"https:\/\/ceref.helha.be\/technique\/wp-json\/wp\/v2\/pages\/2801\/revisions"}],"predecessor-version":[{"id":2814,"href":"https:\/\/ceref.helha.be\/technique\/wp-json\/wp\/v2\/pages\/2801\/revisions\/2814"}],"wp:attachment":[{"href":"https:\/\/ceref.helha.be\/technique\/wp-json\/wp\/v2\/media?parent=2801"}],"curies":[{"name":"wp","href":"https:\/\/api.w.org\/{rel}","templated":true}]}}