{"id":1163,"date":"2021-02-09T14:33:51","date_gmt":"2021-02-09T13:33:51","guid":{"rendered":"https:\/\/ceref-test.helha.be\/technique\/?page_id=1163"},"modified":"2021-03-15T10:25:50","modified_gmt":"2021-03-15T09:25:50","slug":"stage-electromecanique-thermique","status":"publish","type":"page","link":"https:\/\/ceref.helha.be\/technique\/stage\/stage-electromecanique-thermique\/","title":{"rendered":"Stage Electrom\u00e9canique-Thermique"},"content":{"rendered":"<p>Voici la liste des stages actuellement propos\u00e9s pour le p\u00f4le Electrom\u00e9canique et Thermique.<\/p>\n<p>Si vous ne trouvez pas votre bonheur et que vous souhaitez poster votre candidature spontan\u00e9e, vous pouvez envoyer un mail \u00e0 <a href=\"https:\/\/ceref.helha.be\/technique\/equipe\/coulaud\/\">Jean-Baptiste Coulaud<\/a>.<\/p>\n","protected":false},"excerpt":{"rendered":"<p>Voici la liste des stages actuellement propos\u00e9s pour le p\u00f4le Electrom\u00e9canique et Thermique. Si vous ne trouvez pas votre bonheur et que vous souhaitez poster votre candidature spontan\u00e9e, vous pouvez envoyer un mail \u00e0 Jean-Baptiste Coulaud.<\/p>\n","protected":false},"author":8,"featured_media":0,"parent":914,"menu_order":3,"comment_status":"closed","ping_status":"closed","template":"template-fullwidth.php","meta":{"_acf_changed":false,"footnotes":""},"class_list":["post-1163","page","type-page","status-publish","hentry"],"acf":[],"yoast_head":"<!-- This site is optimized with the Yoast SEO plugin v21.9.1 - https:\/\/yoast.com\/wordpress\/plugins\/seo\/ -->\n<title>Stage Electrom\u00e9canique-Thermique - CeREF Technique<\/title>\n<meta name=\"robots\" content=\"index, follow, max-snippet:-1, max-image-preview:large, max-video-preview:-1\" \/>\n<link rel=\"canonical\" href=\"https:\/\/ceref.helha.be\/technique\/stage\/stage-electromecanique-thermique\/\" \/>\n<meta property=\"og:locale\" content=\"fr_FR\" \/>\n<meta property=\"og:type\" content=\"article\" \/>\n<meta property=\"og:title\" content=\"Stage Electrom\u00e9canique-Thermique - CeREF Technique\" \/>\n<meta property=\"og:description\" content=\"Voici la liste des stages actuellement propos\u00e9s pour le p\u00f4le Electrom\u00e9canique et Thermique. Si vous ne trouvez pas votre bonheur et que vous souhaitez poster votre candidature spontan\u00e9e, vous pouvez envoyer un mail \u00e0 Jean-Baptiste Coulaud.\" \/>\n<meta property=\"og:url\" content=\"https:\/\/ceref.helha.be\/technique\/stage\/stage-electromecanique-thermique\/\" \/>\n<meta property=\"og:site_name\" content=\"CeREF Technique\" \/>\n<meta property=\"article:publisher\" content=\"https:\/\/www.facebook.com\/Ceref.helha\" \/>\n<meta property=\"article:modified_time\" content=\"2021-03-15T09:25:50+00:00\" \/>\n<meta name=\"twitter:card\" content=\"summary_large_image\" \/>\n<script type=\"application\/ld+json\" class=\"yoast-schema-graph\">{\"@context\":\"https:\/\/schema.org\",\"@graph\":[{\"@type\":\"WebPage\",\"@id\":\"https:\/\/ceref.helha.be\/technique\/stage\/stage-electromecanique-thermique\/\",\"url\":\"https:\/\/ceref.helha.be\/technique\/stage\/stage-electromecanique-thermique\/\",\"name\":\"Stage Electrom\u00e9canique-Thermique - CeREF Technique\",\"isPartOf\":{\"@id\":\"https:\/\/ceref.helha.be\/technique\/#website\"},\"datePublished\":\"2021-02-09T13:33:51+00:00\",\"dateModified\":\"2021-03-15T09:25:50+00:00\",\"breadcrumb\":{\"@id\":\"https:\/\/ceref.helha.be\/technique\/stage\/stage-electromecanique-thermique\/#breadcrumb\"},\"inLanguage\":\"fr-BE\",\"potentialAction\":[{\"@type\":\"ReadAction\",\"target\":[\"https:\/\/ceref.helha.be\/technique\/stage\/stage-electromecanique-thermique\/\"]}]},{\"@type\":\"BreadcrumbList\",\"@id\":\"https:\/\/ceref.helha.be\/technique\/stage\/stage-electromecanique-thermique\/#breadcrumb\",\"itemListElement\":[{\"@type\":\"ListItem\",\"position\":1,\"name\":\"Home\",\"item\":\"https:\/\/ceref.helha.be\/technique\/\"},{\"@type\":\"ListItem\",\"position\":2,\"name\":\"Stages\",\"item\":\"https:\/\/ceref.helha.be\/technique\/stage\/\"},{\"@type\":\"ListItem\",\"position\":3,\"name\":\"Stage Electrom\u00e9canique-Thermique\"}]},{\"@type\":\"WebSite\",\"@id\":\"https:\/\/ceref.helha.be\/technique\/#website\",\"url\":\"https:\/\/ceref.helha.be\/technique\/\",\"name\":\"CeREF Technique - Centre de Recherche et de Formation continue de la HELHa\",\"description\":\"Centre de Recherche et de Formation HELHa\",\"publisher\":{\"@id\":\"https:\/\/ceref.helha.be\/technique\/#organization\"},\"potentialAction\":[{\"@type\":\"SearchAction\",\"target\":{\"@type\":\"EntryPoint\",\"urlTemplate\":\"https:\/\/ceref.helha.be\/technique\/?s={search_term_string}\"},\"query-input\":\"required name=search_term_string\"}],\"inLanguage\":\"fr-BE\"},{\"@type\":\"Organization\",\"@id\":\"https:\/\/ceref.helha.be\/technique\/#organization\",\"name\":\"CeREF Technique - Centre de Recherche et de Formation continue de la HELHa\",\"url\":\"https:\/\/ceref.helha.be\/technique\/\",\"logo\":{\"@type\":\"ImageObject\",\"inLanguage\":\"fr-BE\",\"@id\":\"https:\/\/ceref.helha.be\/technique\/#\/schema\/logo\/image\/\",\"url\":\"https:\/\/ceref.helha.be\/technique\/app\/uploads\/2019\/12\/logo-cereftechnique.jpg\",\"contentUrl\":\"https:\/\/ceref.helha.be\/technique\/app\/uploads\/2019\/12\/logo-cereftechnique.jpg\",\"width\":278,\"height\":154,\"caption\":\"CeREF Technique - Centre de Recherche et de Formation continue de la HELHa\"},\"image\":{\"@id\":\"https:\/\/ceref.helha.be\/technique\/#\/schema\/logo\/image\/\"},\"sameAs\":[\"https:\/\/www.facebook.com\/Ceref.helha\",\"https:\/\/www.linkedin.com\/company\/ceref-helha\/\"]}]}<\/script>\n<!-- \/ Yoast SEO plugin. -->","yoast_head_json":{"title":"Stage Electrom\u00e9canique-Thermique - CeREF Technique","robots":{"index":"index","follow":"follow","max-snippet":"max-snippet:-1","max-image-preview":"max-image-preview:large","max-video-preview":"max-video-preview:-1"},"canonical":"https:\/\/ceref.helha.be\/technique\/stage\/stage-electromecanique-thermique\/","og_locale":"fr_FR","og_type":"article","og_title":"Stage Electrom\u00e9canique-Thermique - CeREF Technique","og_description":"Voici la liste des stages actuellement propos\u00e9s pour le p\u00f4le Electrom\u00e9canique et Thermique. Si vous ne trouvez pas votre bonheur et que vous souhaitez poster votre candidature spontan\u00e9e, vous pouvez envoyer un mail \u00e0 Jean-Baptiste Coulaud.","og_url":"https:\/\/ceref.helha.be\/technique\/stage\/stage-electromecanique-thermique\/","og_site_name":"CeREF Technique","article_publisher":"https:\/\/www.facebook.com\/Ceref.helha","article_modified_time":"2021-03-15T09:25:50+00:00","twitter_card":"summary_large_image","schema":{"@context":"https:\/\/schema.org","@graph":[{"@type":"WebPage","@id":"https:\/\/ceref.helha.be\/technique\/stage\/stage-electromecanique-thermique\/","url":"https:\/\/ceref.helha.be\/technique\/stage\/stage-electromecanique-thermique\/","name":"Stage Electrom\u00e9canique-Thermique - CeREF Technique","isPartOf":{"@id":"https:\/\/ceref.helha.be\/technique\/#website"},"datePublished":"2021-02-09T13:33:51+00:00","dateModified":"2021-03-15T09:25:50+00:00","breadcrumb":{"@id":"https:\/\/ceref.helha.be\/technique\/stage\/stage-electromecanique-thermique\/#breadcrumb"},"inLanguage":"fr-BE","potentialAction":[{"@type":"ReadAction","target":["https:\/\/ceref.helha.be\/technique\/stage\/stage-electromecanique-thermique\/"]}]},{"@type":"BreadcrumbList","@id":"https:\/\/ceref.helha.be\/technique\/stage\/stage-electromecanique-thermique\/#breadcrumb","itemListElement":[{"@type":"ListItem","position":1,"name":"Home","item":"https:\/\/ceref.helha.be\/technique\/"},{"@type":"ListItem","position":2,"name":"Stages","item":"https:\/\/ceref.helha.be\/technique\/stage\/"},{"@type":"ListItem","position":3,"name":"Stage Electrom\u00e9canique-Thermique"}]},{"@type":"WebSite","@id":"https:\/\/ceref.helha.be\/technique\/#website","url":"https:\/\/ceref.helha.be\/technique\/","name":"CeREF Technique - Centre de Recherche et de Formation continue de la HELHa","description":"Centre de Recherche et de Formation HELHa","publisher":{"@id":"https:\/\/ceref.helha.be\/technique\/#organization"},"potentialAction":[{"@type":"SearchAction","target":{"@type":"EntryPoint","urlTemplate":"https:\/\/ceref.helha.be\/technique\/?s={search_term_string}"},"query-input":"required name=search_term_string"}],"inLanguage":"fr-BE"},{"@type":"Organization","@id":"https:\/\/ceref.helha.be\/technique\/#organization","name":"CeREF Technique - Centre de Recherche et de Formation continue de la HELHa","url":"https:\/\/ceref.helha.be\/technique\/","logo":{"@type":"ImageObject","inLanguage":"fr-BE","@id":"https:\/\/ceref.helha.be\/technique\/#\/schema\/logo\/image\/","url":"https:\/\/ceref.helha.be\/technique\/app\/uploads\/2019\/12\/logo-cereftechnique.jpg","contentUrl":"https:\/\/ceref.helha.be\/technique\/app\/uploads\/2019\/12\/logo-cereftechnique.jpg","width":278,"height":154,"caption":"CeREF Technique - Centre de Recherche et de Formation continue de la HELHa"},"image":{"@id":"https:\/\/ceref.helha.be\/technique\/#\/schema\/logo\/image\/"},"sameAs":["https:\/\/www.facebook.com\/Ceref.helha","https:\/\/www.linkedin.com\/company\/ceref-helha\/"]}]}},"_links":{"self":[{"href":"https:\/\/ceref.helha.be\/technique\/wp-json\/wp\/v2\/pages\/1163","targetHints":{"allow":["GET"]}}],"collection":[{"href":"https:\/\/ceref.helha.be\/technique\/wp-json\/wp\/v2\/pages"}],"about":[{"href":"https:\/\/ceref.helha.be\/technique\/wp-json\/wp\/v2\/types\/page"}],"author":[{"embeddable":true,"href":"https:\/\/ceref.helha.be\/technique\/wp-json\/wp\/v2\/users\/8"}],"replies":[{"embeddable":true,"href":"https:\/\/ceref.helha.be\/technique\/wp-json\/wp\/v2\/comments?post=1163"}],"version-history":[{"count":5,"href":"https:\/\/ceref.helha.be\/technique\/wp-json\/wp\/v2\/pages\/1163\/revisions"}],"predecessor-version":[{"id":2362,"href":"https:\/\/ceref.helha.be\/technique\/wp-json\/wp\/v2\/pages\/1163\/revisions\/2362"}],"up":[{"embeddable":true,"href":"https:\/\/ceref.helha.be\/technique\/wp-json\/wp\/v2\/pages\/914"}],"wp:attachment":[{"href":"https:\/\/ceref.helha.be\/technique\/wp-json\/wp\/v2\/media?parent=1163"}],"curies":[{"name":"wp","href":"https:\/\/api.w.org\/{rel}","templated":true}]}}