{"version":"1.0","provider_name":"CeREF Technique","provider_url":"https:\/\/ceref.helha.be\/technique","author_name":"Maxim DUMORTIER","author_url":"https:\/\/ceref.helha.be\/technique\/author\/dumortierm\/","title":"Int\u00e9gration et Mise en oeuvre de Microcapteurs EnviRonnementaux \u00e0 ultra-basse consommation au Sein de l\u2019Internet des Objets et de l\u2019iNdustrie - CeREF Technique","type":"rich","width":600,"height":338,"html":"<blockquote class=\"wp-embedded-content\" data-secret=\"H2XOUetqZl\"><a href=\"https:\/\/ceref.helha.be\/technique\/projets\/fhe-immersion\/\">Int\u00e9gration et Mise en oeuvre de Microcapteurs EnviRonnementaux \u00e0 ultra-basse consommation au Sein de l\u2019Internet des Objets et de l\u2019iNdustrie<\/a><\/blockquote><iframe sandbox=\"allow-scripts\" security=\"restricted\" src=\"https:\/\/ceref.helha.be\/technique\/projets\/fhe-immersion\/embed\/#?secret=H2XOUetqZl\" width=\"600\" height=\"338\" title=\"\u00ab\u00a0Int\u00e9gration et Mise en oeuvre de Microcapteurs EnviRonnementaux \u00e0 ultra-basse consommation au Sein de l\u2019Internet des Objets et de l\u2019iNdustrie\u00a0\u00bb &#8212; CeREF Technique\" data-secret=\"H2XOUetqZl\" frameborder=\"0\" marginwidth=\"0\" marginheight=\"0\" scrolling=\"no\" class=\"wp-embedded-content\"><\/iframe><script type=\"text\/javascript\">\n\/* <![CDATA[ *\/\n\/*! This file is auto-generated *\/\n!function(d,l){\"use strict\";l.querySelector&&d.addEventListener&&\"undefined\"!=typeof URL&&(d.wp=d.wp||{},d.wp.receiveEmbedMessage||(d.wp.receiveEmbedMessage=function(e){var t=e.data;if((t||t.secret||t.message||t.value)&&!\/[^a-zA-Z0-9]\/.test(t.secret)){for(var s,r,n,a=l.querySelectorAll('iframe[data-secret=\"'+t.secret+'\"]'),o=l.querySelectorAll('blockquote[data-secret=\"'+t.secret+'\"]'),c=new RegExp(\"^https?:$\",\"i\"),i=0;i<o.length;i++)o[i].style.display=\"none\";for(i=0;i<a.length;i++)s=a[i],e.source===s.contentWindow&&(s.removeAttribute(\"style\"),\"height\"===t.message?(1e3<(r=parseInt(t.value,10))?r=1e3:~~r<200&&(r=200),s.height=r):\"link\"===t.message&&(r=new URL(s.getAttribute(\"src\")),n=new URL(t.value),c.test(n.protocol))&&n.host===r.host&&l.activeElement===s&&(d.top.location.href=t.value))}},d.addEventListener(\"message\",d.wp.receiveEmbedMessage,!1),l.addEventListener(\"DOMContentLoaded\",function(){for(var e,t,s=l.querySelectorAll(\"iframe.wp-embedded-content\"),r=0;r<s.length;r++)(t=(e=s[r]).getAttribute(\"data-secret\"))||(t=Math.random().toString(36).substring(2,12),e.src+=\"#?secret=\"+t,e.setAttribute(\"data-secret\",t)),e.contentWindow.postMessage({message:\"ready\",secret:t},\"*\")},!1)))}(window,document);\n\/* ]]> *\/\n<\/script>\n","description":"Le contexte du projet est la surveillance environnementale et industrielle de l\u2019air via la temp\u00e9rature, l\u2019humidit\u00e9 ou de nouvelles d\u00e9tections s\u00e9lectives de gaz, plus sp\u00e9cialement les compos\u00e9s organiques volatils. En effet, l\u2019industrialisation rapide, la croissance explosive de la population, les d\u00e9veloppements de l\u2019agriculture intensive sont un ensemble d\u2019\u00e9l\u00e9ments impactant n\u00e9gativement la qualit\u00e9 de l\u2019air. La [&hellip;]","thumbnail_url":"https:\/\/ceref.helha.be\/technique\/app\/uploads\/2021\/03\/IMMERSION_1.jpg"}

Intégration et Mise en oeuvre de Microcapteurs EnviRonnementaux à ultra-basse consommation au Sein de l’Internet des Objets et de l’iNdustrie - CeREF Technique

<blockquote class="wp-embedded-content" data-secret="H2XOUetqZl"><a href="https://ceref.helha.be/technique/projets/fhe-immersion/">Intégration et Mise en oeuvre de Microcapteurs EnviRonnementaux à ultra-basse consommation au Sein de l’Internet des Objets et de l’iNdustrie</a></blockquote><iframe sandbox="allow-scripts" security="restricted" src="https://ceref.helha.be/technique/projets/fhe-immersion/embed/#?secret=H2XOUetqZl" width="600" height="338" title="« Intégration et Mise en oeuvre de Microcapteurs EnviRonnementaux à ultra-basse consommation au Sein de l’Internet des Objets et de l’iNdustrie » &#8212; CeREF Technique" data-secret="H2XOUetqZl" frameborder="0" marginwidth="0" marginheight="0" scrolling="no" class="wp-embedded-content"></iframe><script type="text/javascript">
/* <![CDATA[ */
/*! This file is auto-generated */
!function(d,l){"use strict";l.querySelector&&d.addEventListener&&"undefined"!=typeof URL&&(d.wp=d.wp||{},d.wp.receiveEmbedMessage||(d.wp.receiveEmbedMessage=function(e){var t=e.data;if((t||t.secret||t.message||t.value)&&!/[^a-zA-Z0-9]/.test(t.secret)){for(var s,r,n,a=l.querySelectorAll('iframe[data-secret="'+t.secret+'"]'),o=l.querySelectorAll('blockquote[data-secret="'+t.secret+'"]'),c=new RegExp("^https?:$","i"),i=0;i<o.length;i++)o[i].style.display="none";for(i=0;i<a.length;i++)s=a[i],e.source===s.contentWindow&&(s.removeAttribute("style"),"height"===t.message?(1e3<(r=parseInt(t.value,10))?r=1e3:~~r<200&&(r=200),s.height=r):"link"===t.message&&(r=new URL(s.getAttribute("src")),n=new URL(t.value),c.test(n.protocol))&&n.host===r.host&&l.activeElement===s&&(d.top.location.href=t.value))}},d.addEventListener("message",d.wp.receiveEmbedMessage,!1),l.addEventListener("DOMContentLoaded",function(){for(var e,t,s=l.querySelectorAll("iframe.wp-embedded-content"),r=0;r<s.length;r++)(t=(e=s[r]).getAttribute("data-secret"))||(t=Math.random().toString(36).substring(2,12),e.src+="#?secret="+t,e.setAttribute("data-secret",t)),e.contentWindow.postMessage({message:"ready",secret:t},"*")},!1)))}(window,document);
/* ]]> */
</script>

Le contexte du projet est la surveillance environnementale et industrielle de l’air via la température, l’humidité ou de nouvelles détections sélectives de gaz, plus spécialement les composés organiques volatils. En effet, l’industrialisation rapide, la croissance explosive de la population, les développements de l’agriculture intensive sont un ensemble d’éléments impactant négativement la qualité de l’air. La [&hellip;]
