{"id":84,"date":"2019-12-17T10:09:08","date_gmt":"2019-12-17T09:09:08","guid":{"rendered":"https:\/\/ceref-test.helha.be\/sante\/?page_id=84"},"modified":"2026-01-06T15:58:34","modified_gmt":"2026-01-06T15:58:34","slug":"contact","status":"publish","type":"page","link":"https:\/\/ceref.helha.be\/sante\/contact\/","title":{"rendered":"Contact"},"content":{"rendered":"<section>\n<h2 class=\"text-he-current\">Personnes de contact<\/h2>\n<ul class=\"row list-unstyled\">\n<li class=\"col-12 col-sm-6 col-lg-4\">\n<article class=\"card card-link\">\n<div class=\"card-body text-center\">\n<h3 class=\"text-he-grey mb-1\">Christine Geulette<\/h3>\n<p>                    Coordination<\/p>\n<p class=\"mb-0\"><a class=\"stretched-link\" href=\"mailto:geulettec@helha.be\"><small>geulettec@helha.be<\/small><\/a><\/p>\n<\/div>\n<\/article>\n<\/li>\n<li class=\"col-12 col-sm-6 col-lg-4\">\n<article class=\"card card-link\">\n<div class=\"card-body text-center\">\n<h3 class=\"text-he-grey mb-1\">Julie De N\u00e8ve<\/h3>\n<p style=\"background: white\"><span>Gestionnaire de projets de formations continu\u00e9es<\/span><\/p>\n<p class=\"mb-0\"><a class=\"stretched-link\" href=\"mailto:hanss@helha.be\"><small>denevej@helha.be<\/small><\/a><\/p>\n<\/div>\n<\/article>\n<\/li>\n<li class=\"col-12 col-sm-6 col-lg-4\">\n<article class=\"card card-link\">\n<div class=\"card-body text-center\">\n<h3 class=\"text-he-grey mb-1\">Laurine Caudron<\/h3>\n<p>                    Secr\u00e9tariat<\/p>\n<p class=\"mb-0\"><a class=\"stretched-link\" href=\"mailto:molitors@helha.be\"><small>caudrontl@helha.be<\/small><\/a><\/p>\n<\/div>\n<\/article>\n<\/li>\n<\/ul>\n<\/section>\n","protected":false},"excerpt":{"rendered":"<p>Personnes de contact Christine Geulette Coordination geulettec@helha.be Julie De N\u00e8ve Gestionnaire de projets de formations continu\u00e9es denevej@helha.be Laurine Caudron Secr\u00e9tariat caudrontl@helha.be<\/p>\n","protected":false},"author":1,"featured_media":0,"parent":0,"menu_order":0,"comment_status":"closed","ping_status":"closed","template":"","meta":{"_acf_changed":false,"footnotes":""},"class_list":["post-84","page","type-page","status-publish","hentry"],"acf":[],"yoast_head":"<!-- This site is optimized with the Yoast SEO plugin v21.9.1 - https:\/\/yoast.com\/wordpress\/plugins\/seo\/ -->\n<title>Contact - CeREF Sant\u00e9<\/title>\n<meta name=\"robots\" content=\"index, follow, max-snippet:-1, max-image-preview:large, max-video-preview:-1\" \/>\n<link rel=\"canonical\" href=\"https:\/\/ceref.helha.be\/sante\/contact\/\" \/>\n<meta property=\"og:locale\" content=\"fr_FR\" \/>\n<meta property=\"og:type\" content=\"article\" \/>\n<meta property=\"og:title\" content=\"Contact - CeREF Sant\u00e9\" \/>\n<meta property=\"og:description\" content=\"Personnes de contact Christine Geulette Coordination geulettec@helha.be Julie De N\u00e8ve Gestionnaire de projets de formations continu\u00e9es denevej@helha.be Laurine Caudron Secr\u00e9tariat caudrontl@helha.be\" \/>\n<meta property=\"og:url\" content=\"https:\/\/ceref.helha.be\/sante\/contact\/\" \/>\n<meta property=\"og:site_name\" content=\"CeREF Sant\u00e9\" \/>\n<meta property=\"article:publisher\" content=\"https:\/\/www.facebook.com\/Ceref.helha\" \/>\n<meta property=\"article:modified_time\" content=\"2026-01-06T15:58:34+00:00\" \/>\n<meta name=\"twitter:card\" content=\"summary_large_image\" \/>\n<script type=\"application\/ld+json\" class=\"yoast-schema-graph\">{\"@context\":\"https:\/\/schema.org\",\"@graph\":[{\"@type\":\"WebPage\",\"@id\":\"https:\/\/ceref.helha.be\/sante\/contact\/\",\"url\":\"https:\/\/ceref.helha.be\/sante\/contact\/\",\"name\":\"Contact - CeREF Sant\u00e9\",\"isPartOf\":{\"@id\":\"https:\/\/ceref.helha.be\/sante\/#website\"},\"datePublished\":\"2019-12-17T09:09:08+00:00\",\"dateModified\":\"2026-01-06T15:58:34+00:00\",\"breadcrumb\":{\"@id\":\"https:\/\/ceref.helha.be\/sante\/contact\/#breadcrumb\"},\"inLanguage\":\"fr-FR\",\"potentialAction\":[{\"@type\":\"ReadAction\",\"target\":[\"https:\/\/ceref.helha.be\/sante\/contact\/\"]}]},{\"@type\":\"BreadcrumbList\",\"@id\":\"https:\/\/ceref.helha.be\/sante\/contact\/#breadcrumb\",\"itemListElement\":[{\"@type\":\"ListItem\",\"position\":1,\"name\":\"Home\",\"item\":\"https:\/\/ceref.helha.be\/sante\/\"},{\"@type\":\"ListItem\",\"position\":2,\"name\":\"Contact\"}]},{\"@type\":\"WebSite\",\"@id\":\"https:\/\/ceref.helha.be\/sante\/#website\",\"url\":\"https:\/\/ceref.helha.be\/sante\/\",\"name\":\"CeREF Sant\u00e9 - Centre de Recherche et de Formation continue de la HELHa\",\"description\":\"\",\"publisher\":{\"@id\":\"https:\/\/ceref.helha.be\/sante\/#organization\"},\"potentialAction\":[{\"@type\":\"SearchAction\",\"target\":{\"@type\":\"EntryPoint\",\"urlTemplate\":\"https:\/\/ceref.helha.be\/sante\/?s={search_term_string}\"},\"query-input\":\"required name=search_term_string\"}],\"inLanguage\":\"fr-FR\"},{\"@type\":\"Organization\",\"@id\":\"https:\/\/ceref.helha.be\/sante\/#organization\",\"name\":\"CeREF Sant\u00e9 - Centre de Recherche et de Formation continue de la HELHa\",\"url\":\"https:\/\/ceref.helha.be\/sante\/\",\"logo\":{\"@type\":\"ImageObject\",\"inLanguage\":\"fr-FR\",\"@id\":\"https:\/\/ceref.helha.be\/sante\/#\/schema\/logo\/image\/\",\"url\":\"https:\/\/ceref.helha.be\/sante\/app\/uploads\/2026\/01\/ceref-sante.jpg\",\"contentUrl\":\"https:\/\/ceref.helha.be\/sante\/app\/uploads\/2026\/01\/ceref-sante.jpg\",\"width\":242,\"height\":84,\"caption\":\"CeREF Sant\u00e9 - Centre de Recherche et de Formation continue de la HELHa\"},\"image\":{\"@id\":\"https:\/\/ceref.helha.be\/sante\/#\/schema\/logo\/image\/\"},\"sameAs\":[\"https:\/\/www.facebook.com\/Ceref.helha\",\"https:\/\/www.linkedin.com\/company\/ceref-helha\/\"]}]}<\/script>\n<!-- \/ Yoast SEO plugin. -->","yoast_head_json":{"title":"Contact - CeREF Sant\u00e9","robots":{"index":"index","follow":"follow","max-snippet":"max-snippet:-1","max-image-preview":"max-image-preview:large","max-video-preview":"max-video-preview:-1"},"canonical":"https:\/\/ceref.helha.be\/sante\/contact\/","og_locale":"fr_FR","og_type":"article","og_title":"Contact - CeREF Sant\u00e9","og_description":"Personnes de contact Christine Geulette Coordination geulettec@helha.be Julie De N\u00e8ve Gestionnaire de projets de formations continu\u00e9es denevej@helha.be Laurine Caudron Secr\u00e9tariat caudrontl@helha.be","og_url":"https:\/\/ceref.helha.be\/sante\/contact\/","og_site_name":"CeREF Sant\u00e9","article_publisher":"https:\/\/www.facebook.com\/Ceref.helha","article_modified_time":"2026-01-06T15:58:34+00:00","twitter_card":"summary_large_image","schema":{"@context":"https:\/\/schema.org","@graph":[{"@type":"WebPage","@id":"https:\/\/ceref.helha.be\/sante\/contact\/","url":"https:\/\/ceref.helha.be\/sante\/contact\/","name":"Contact - CeREF Sant\u00e9","isPartOf":{"@id":"https:\/\/ceref.helha.be\/sante\/#website"},"datePublished":"2019-12-17T09:09:08+00:00","dateModified":"2026-01-06T15:58:34+00:00","breadcrumb":{"@id":"https:\/\/ceref.helha.be\/sante\/contact\/#breadcrumb"},"inLanguage":"fr-FR","potentialAction":[{"@type":"ReadAction","target":["https:\/\/ceref.helha.be\/sante\/contact\/"]}]},{"@type":"BreadcrumbList","@id":"https:\/\/ceref.helha.be\/sante\/contact\/#breadcrumb","itemListElement":[{"@type":"ListItem","position":1,"name":"Home","item":"https:\/\/ceref.helha.be\/sante\/"},{"@type":"ListItem","position":2,"name":"Contact"}]},{"@type":"WebSite","@id":"https:\/\/ceref.helha.be\/sante\/#website","url":"https:\/\/ceref.helha.be\/sante\/","name":"CeREF Sant\u00e9 - Centre de Recherche et de Formation continue de la HELHa","description":"","publisher":{"@id":"https:\/\/ceref.helha.be\/sante\/#organization"},"potentialAction":[{"@type":"SearchAction","target":{"@type":"EntryPoint","urlTemplate":"https:\/\/ceref.helha.be\/sante\/?s={search_term_string}"},"query-input":"required name=search_term_string"}],"inLanguage":"fr-FR"},{"@type":"Organization","@id":"https:\/\/ceref.helha.be\/sante\/#organization","name":"CeREF Sant\u00e9 - Centre de Recherche et de Formation continue de la HELHa","url":"https:\/\/ceref.helha.be\/sante\/","logo":{"@type":"ImageObject","inLanguage":"fr-FR","@id":"https:\/\/ceref.helha.be\/sante\/#\/schema\/logo\/image\/","url":"https:\/\/ceref.helha.be\/sante\/app\/uploads\/2026\/01\/ceref-sante.jpg","contentUrl":"https:\/\/ceref.helha.be\/sante\/app\/uploads\/2026\/01\/ceref-sante.jpg","width":242,"height":84,"caption":"CeREF Sant\u00e9 - Centre de Recherche et de Formation continue de la HELHa"},"image":{"@id":"https:\/\/ceref.helha.be\/sante\/#\/schema\/logo\/image\/"},"sameAs":["https:\/\/www.facebook.com\/Ceref.helha","https:\/\/www.linkedin.com\/company\/ceref-helha\/"]}]}},"_links":{"self":[{"href":"https:\/\/ceref.helha.be\/sante\/wp-json\/wp\/v2\/pages\/84","targetHints":{"allow":["GET"]}}],"collection":[{"href":"https:\/\/ceref.helha.be\/sante\/wp-json\/wp\/v2\/pages"}],"about":[{"href":"https:\/\/ceref.helha.be\/sante\/wp-json\/wp\/v2\/types\/page"}],"author":[{"embeddable":true,"href":"https:\/\/ceref.helha.be\/sante\/wp-json\/wp\/v2\/users\/1"}],"replies":[{"embeddable":true,"href":"https:\/\/ceref.helha.be\/sante\/wp-json\/wp\/v2\/comments?post=84"}],"version-history":[{"count":10,"href":"https:\/\/ceref.helha.be\/sante\/wp-json\/wp\/v2\/pages\/84\/revisions"}],"predecessor-version":[{"id":2038,"href":"https:\/\/ceref.helha.be\/sante\/wp-json\/wp\/v2\/pages\/84\/revisions\/2038"}],"wp:attachment":[{"href":"https:\/\/ceref.helha.be\/sante\/wp-json\/wp\/v2\/media?parent=84"}],"curies":[{"name":"wp","href":"https:\/\/api.w.org\/{rel}","templated":true}]}}