{"id":236,"date":"2019-12-17T15:02:48","date_gmt":"2019-12-17T14:02:48","guid":{"rendered":"https:\/\/ceref-test.helha.be\/economique\/?page_id=236"},"modified":"2024-09-24T14:40:37","modified_gmt":"2024-09-24T14:40:37","slug":"recherches","status":"publish","type":"page","link":"https:\/\/ceref.helha.be\/economique\/recherches\/","title":{"rendered":"Recherches"},"content":{"rendered":"<p><strong><span style=\"color: #0089c4\">Programmes de recherche ant\u00e9rieurs :<\/span><\/strong><\/p>\n<ul>\n<li>Le <span style=\"color: #0089c4\">CeREF ECONOMIQUE<\/span> a particip\u00e9 \u00e0 une enqu\u00eate sur l\u2019\u00e9volution du comportement d\u2019achat \u00e0 la suite de la crise du Coronavirus.<\/li>\n<\/ul>\n<p>Des chercheur.e.s de la Haute Ecole Thomas More, de la HELHa \u00e0 travers le <span style=\"color: #0089c4\">CeREF ECONOMIQUE<\/span> et de la F\u00e9d\u00e9ration sectorielle Comeos ont tent\u00e9 ensemble d\u2019apporter des r\u00e9ponses \u00e0 la question :<\/p>\n<p>\u00ab\u00a0<em>Quel impact la crise du Coronavirus exerce-t-elle sur notre comportement d\u2019achat et comment le secteur belge du commerce de d\u00e9tail peut-il s\u2019adapter \u00e0 cette \u00e9volution ? \u00bb<\/em><\/p>\n<p>En 2020, deux \u00e9tudes avaient d\u00e9j\u00e0 \u00e9t\u00e9 r\u00e9alis\u00e9es: une pendant le confinement et une autre lors de la r\u00e9ouverture partielle des magasins et de l\u2019HORECA.<\/p>\n<p>Une troisi\u00e8me enqu\u00eate a \u00e9t\u00e9 r\u00e9alis\u00e9e en mars 2021. L&rsquo;objectif de cette nouvelle enqu\u00eate \u00e9tait de permettre une meilleure ad\u00e9quation entre l\u2019offre et la demande. Les informations obtenues permettront aux chercheur.e.s de conseiller et soutenir les d\u00e9taillants de mani\u00e8re cibl\u00e9e afin que leurs services r\u00e9pondent aux besoins actuels et futurs du consommateur.<\/p>\n<p>&nbsp;<\/p>\n<p><img loading=\"lazy\" decoding=\"async\" class=\"size-full wp-image-1267 aligncenter\" src=\"https:\/\/ceref.helha.be\/economique\/app\/uploads\/2021\/03\/thomas-more.png\" alt=\"\" width=\"169\" height=\"66\" \/><\/p>\n<p><img loading=\"lazy\" decoding=\"async\" class=\"size-full wp-image-1266 aligncenter\" src=\"https:\/\/ceref.helha.be\/economique\/app\/uploads\/2021\/03\/comeos.png\" alt=\"\" width=\"114\" height=\"39\" \/><\/p>\n<p><img loading=\"lazy\" decoding=\"async\" class=\"alignnone size-full wp-image-1274 aligncenter\" src=\"https:\/\/ceref.helha.be\/economique\/app\/uploads\/2021\/03\/logo-helha.png\" alt=\"\" width=\"242\" height=\"154\" \/><\/p>\n<p>&nbsp;<\/p>\n<p>\u00b7 Le <span style=\"color: #0089c4\">CeREF ECONOMIQUE<\/span> a particip\u00e9 aux r\u00e9flexions autour de la cr\u00e9ation d&rsquo;un programme de recherche centr\u00e9 sur la gestion des circuits courts dans le cadre de la ceinture alimentaire de Charleroi. Il s\u2019agissait, plus pr\u00e9cis\u00e9ment, de penser comment d\u00e9finir la logistique du circuit court d\u2019une distribution de 22.000 repas quotidiens.<\/p>\n<p>&nbsp;<\/p>\n","protected":false},"excerpt":{"rendered":"<p>Programmes de recherche ant\u00e9rieurs : Le CeREF ECONOMIQUE a particip\u00e9 \u00e0 une enqu\u00eate sur l\u2019\u00e9volution du comportement d\u2019achat \u00e0 la suite de la crise du Coronavirus. Des chercheur.e.s de la Haute Ecole Thomas More, de la HELHa \u00e0 travers le CeREF ECONOMIQUE et de la F\u00e9d\u00e9ration sectorielle Comeos ont tent\u00e9 ensemble d\u2019apporter des r\u00e9ponses \u00e0 [&hellip;]<\/p>\n","protected":false},"author":1,"featured_media":0,"parent":0,"menu_order":0,"comment_status":"closed","ping_status":"closed","template":"","meta":{"_acf_changed":false,"footnotes":""},"class_list":["post-236","page","type-page","status-publish","hentry"],"acf":[],"yoast_head":"<!-- This site is optimized with the Yoast SEO plugin v21.9.1 - https:\/\/yoast.com\/wordpress\/plugins\/seo\/ -->\n<title>Recherches - CeREF Economique<\/title>\n<meta name=\"robots\" content=\"index, follow, max-snippet:-1, max-image-preview:large, max-video-preview:-1\" \/>\n<link rel=\"canonical\" href=\"https:\/\/ceref.helha.be\/economique\/recherches\/\" \/>\n<meta property=\"og:locale\" content=\"fr_FR\" \/>\n<meta property=\"og:type\" content=\"article\" \/>\n<meta property=\"og:title\" content=\"Recherches - CeREF Economique\" \/>\n<meta property=\"og:description\" content=\"Programmes de recherche ant\u00e9rieurs : Le CeREF ECONOMIQUE a particip\u00e9 \u00e0 une enqu\u00eate sur l\u2019\u00e9volution du comportement d\u2019achat \u00e0 la suite de la crise du Coronavirus. Des chercheur.e.s de la Haute Ecole Thomas More, de la HELHa \u00e0 travers le CeREF ECONOMIQUE et de la F\u00e9d\u00e9ration sectorielle Comeos ont tent\u00e9 ensemble d\u2019apporter des r\u00e9ponses \u00e0 [&hellip;]\" \/>\n<meta property=\"og:url\" content=\"https:\/\/ceref.helha.be\/economique\/recherches\/\" \/>\n<meta property=\"og:site_name\" content=\"CeREF Economique\" \/>\n<meta property=\"article:publisher\" content=\"https:\/\/www.facebook.com\/Ceref.helha\" \/>\n<meta property=\"article:modified_time\" content=\"2024-09-24T14:40:37+00:00\" \/>\n<meta property=\"og:image\" content=\"https:\/\/ceref.helha.be\/economique\/app\/uploads\/2021\/03\/thomas-more.png\" \/>\n<meta name=\"twitter:card\" content=\"summary_large_image\" \/>\n<meta name=\"twitter:label1\" content=\"Est. reading time\" \/>\n\t<meta name=\"twitter:data1\" content=\"1 minute\" \/>\n<script type=\"application\/ld+json\" class=\"yoast-schema-graph\">{\"@context\":\"https:\/\/schema.org\",\"@graph\":[{\"@type\":\"WebPage\",\"@id\":\"https:\/\/ceref.helha.be\/economique\/recherches\/\",\"url\":\"https:\/\/ceref.helha.be\/economique\/recherches\/\",\"name\":\"Recherches - CeREF Economique\",\"isPartOf\":{\"@id\":\"https:\/\/ceref.helha.be\/economique\/#website\"},\"datePublished\":\"2019-12-17T14:02:48+00:00\",\"dateModified\":\"2024-09-24T14:40:37+00:00\",\"breadcrumb\":{\"@id\":\"https:\/\/ceref.helha.be\/economique\/recherches\/#breadcrumb\"},\"inLanguage\":\"fr-FR\",\"potentialAction\":[{\"@type\":\"ReadAction\",\"target\":[\"https:\/\/ceref.helha.be\/economique\/recherches\/\"]}]},{\"@type\":\"BreadcrumbList\",\"@id\":\"https:\/\/ceref.helha.be\/economique\/recherches\/#breadcrumb\",\"itemListElement\":[{\"@type\":\"ListItem\",\"position\":1,\"name\":\"Home\",\"item\":\"https:\/\/ceref.helha.be\/economique\/\"},{\"@type\":\"ListItem\",\"position\":2,\"name\":\"Recherches\"}]},{\"@type\":\"WebSite\",\"@id\":\"https:\/\/ceref.helha.be\/economique\/#website\",\"url\":\"https:\/\/ceref.helha.be\/economique\/\",\"name\":\"CeREF Economique - Centre de Recherche et de Formation continue de la HELHa\",\"description\":\"Centre de Recherche et de Formation HELHa\",\"publisher\":{\"@id\":\"https:\/\/ceref.helha.be\/economique\/#organization\"},\"potentialAction\":[{\"@type\":\"SearchAction\",\"target\":{\"@type\":\"EntryPoint\",\"urlTemplate\":\"https:\/\/ceref.helha.be\/economique\/?s={search_term_string}\"},\"query-input\":\"required name=search_term_string\"}],\"inLanguage\":\"fr-FR\"},{\"@type\":\"Organization\",\"@id\":\"https:\/\/ceref.helha.be\/economique\/#organization\",\"name\":\"CeREF Economique - Centre de Recherche et de Formation continue de la HELHa\",\"url\":\"https:\/\/ceref.helha.be\/economique\/\",\"logo\":{\"@type\":\"ImageObject\",\"inLanguage\":\"fr-FR\",\"@id\":\"https:\/\/ceref.helha.be\/economique\/#\/schema\/logo\/image\/\",\"url\":\"https:\/\/ceref.helha.be\/economique\/app\/uploads\/2021\/03\/logo-cerefeconomique.jpg\",\"contentUrl\":\"https:\/\/ceref.helha.be\/economique\/app\/uploads\/2021\/03\/logo-cerefeconomique.jpg\",\"width\":278,\"height\":154,\"caption\":\"CeREF Economique - Centre de Recherche et de Formation continue de la HELHa\"},\"image\":{\"@id\":\"https:\/\/ceref.helha.be\/economique\/#\/schema\/logo\/image\/\"},\"sameAs\":[\"https:\/\/www.facebook.com\/Ceref.helha\",\"https:\/\/www.linkedin.com\/company\/ceref-helha\/\"]}]}<\/script>\n<!-- \/ Yoast SEO plugin. -->","yoast_head_json":{"title":"Recherches - CeREF Economique","robots":{"index":"index","follow":"follow","max-snippet":"max-snippet:-1","max-image-preview":"max-image-preview:large","max-video-preview":"max-video-preview:-1"},"canonical":"https:\/\/ceref.helha.be\/economique\/recherches\/","og_locale":"fr_FR","og_type":"article","og_title":"Recherches - CeREF Economique","og_description":"Programmes de recherche ant\u00e9rieurs : Le CeREF ECONOMIQUE a particip\u00e9 \u00e0 une enqu\u00eate sur l\u2019\u00e9volution du comportement d\u2019achat \u00e0 la suite de la crise du Coronavirus. Des chercheur.e.s de la Haute Ecole Thomas More, de la HELHa \u00e0 travers le CeREF ECONOMIQUE et de la F\u00e9d\u00e9ration sectorielle Comeos ont tent\u00e9 ensemble d\u2019apporter des r\u00e9ponses \u00e0 [&hellip;]","og_url":"https:\/\/ceref.helha.be\/economique\/recherches\/","og_site_name":"CeREF Economique","article_publisher":"https:\/\/www.facebook.com\/Ceref.helha","article_modified_time":"2024-09-24T14:40:37+00:00","og_image":[{"url":"https:\/\/ceref.helha.be\/economique\/app\/uploads\/2021\/03\/thomas-more.png"}],"twitter_card":"summary_large_image","twitter_misc":{"Est. reading time":"1 minute"},"schema":{"@context":"https:\/\/schema.org","@graph":[{"@type":"WebPage","@id":"https:\/\/ceref.helha.be\/economique\/recherches\/","url":"https:\/\/ceref.helha.be\/economique\/recherches\/","name":"Recherches - CeREF Economique","isPartOf":{"@id":"https:\/\/ceref.helha.be\/economique\/#website"},"datePublished":"2019-12-17T14:02:48+00:00","dateModified":"2024-09-24T14:40:37+00:00","breadcrumb":{"@id":"https:\/\/ceref.helha.be\/economique\/recherches\/#breadcrumb"},"inLanguage":"fr-FR","potentialAction":[{"@type":"ReadAction","target":["https:\/\/ceref.helha.be\/economique\/recherches\/"]}]},{"@type":"BreadcrumbList","@id":"https:\/\/ceref.helha.be\/economique\/recherches\/#breadcrumb","itemListElement":[{"@type":"ListItem","position":1,"name":"Home","item":"https:\/\/ceref.helha.be\/economique\/"},{"@type":"ListItem","position":2,"name":"Recherches"}]},{"@type":"WebSite","@id":"https:\/\/ceref.helha.be\/economique\/#website","url":"https:\/\/ceref.helha.be\/economique\/","name":"CeREF Economique - Centre de Recherche et de Formation continue de la HELHa","description":"Centre de Recherche et de Formation HELHa","publisher":{"@id":"https:\/\/ceref.helha.be\/economique\/#organization"},"potentialAction":[{"@type":"SearchAction","target":{"@type":"EntryPoint","urlTemplate":"https:\/\/ceref.helha.be\/economique\/?s={search_term_string}"},"query-input":"required name=search_term_string"}],"inLanguage":"fr-FR"},{"@type":"Organization","@id":"https:\/\/ceref.helha.be\/economique\/#organization","name":"CeREF Economique - Centre de Recherche et de Formation continue de la HELHa","url":"https:\/\/ceref.helha.be\/economique\/","logo":{"@type":"ImageObject","inLanguage":"fr-FR","@id":"https:\/\/ceref.helha.be\/economique\/#\/schema\/logo\/image\/","url":"https:\/\/ceref.helha.be\/economique\/app\/uploads\/2021\/03\/logo-cerefeconomique.jpg","contentUrl":"https:\/\/ceref.helha.be\/economique\/app\/uploads\/2021\/03\/logo-cerefeconomique.jpg","width":278,"height":154,"caption":"CeREF Economique - Centre de Recherche et de Formation continue de la HELHa"},"image":{"@id":"https:\/\/ceref.helha.be\/economique\/#\/schema\/logo\/image\/"},"sameAs":["https:\/\/www.facebook.com\/Ceref.helha","https:\/\/www.linkedin.com\/company\/ceref-helha\/"]}]}},"_links":{"self":[{"href":"https:\/\/ceref.helha.be\/economique\/wp-json\/wp\/v2\/pages\/236","targetHints":{"allow":["GET"]}}],"collection":[{"href":"https:\/\/ceref.helha.be\/economique\/wp-json\/wp\/v2\/pages"}],"about":[{"href":"https:\/\/ceref.helha.be\/economique\/wp-json\/wp\/v2\/types\/page"}],"author":[{"embeddable":true,"href":"https:\/\/ceref.helha.be\/economique\/wp-json\/wp\/v2\/users\/1"}],"replies":[{"embeddable":true,"href":"https:\/\/ceref.helha.be\/economique\/wp-json\/wp\/v2\/comments?post=236"}],"version-history":[{"count":12,"href":"https:\/\/ceref.helha.be\/economique\/wp-json\/wp\/v2\/pages\/236\/revisions"}],"predecessor-version":[{"id":1910,"href":"https:\/\/ceref.helha.be\/economique\/wp-json\/wp\/v2\/pages\/236\/revisions\/1910"}],"wp:attachment":[{"href":"https:\/\/ceref.helha.be\/economique\/wp-json\/wp\/v2\/media?parent=236"}],"curies":[{"name":"wp","href":"https:\/\/api.w.org\/{rel}","templated":true}]}}

<p><strong><span style="color: #0089c4">Programmes de recherche antérieurs :</span></strong></p>
<ul>
<li>Le <span style="color: #0089c4">CeREF ECONOMIQUE</span> a participé à une enquête sur l’évolution du comportement d’achat à la suite de la crise du Coronavirus.</li>
</ul>
<p>Des chercheur.e.s de la Haute Ecole Thomas More, de la HELHa à travers le <span style="color: #0089c4">CeREF ECONOMIQUE</span> et de la Fédération sectorielle Comeos ont tenté ensemble d’apporter des réponses à la question :</p>
<p>« <em>Quel impact la crise du Coronavirus exerce-t-elle sur notre comportement d’achat et comment le secteur belge du commerce de détail peut-il s’adapter à cette évolution ? »</em></p>
<p>En 2020, deux études avaient déjà été réalisées: une pendant le confinement et une autre lors de la réouverture partielle des magasins et de l’HORECA.</p>
<p>Une troisième enquête a été réalisée en mars 2021. L&rsquo;objectif de cette nouvelle enquête était de permettre une meilleure adéquation entre l’offre et la demande. Les informations obtenues permettront aux chercheur.e.s de conseiller et soutenir les détaillants de manière ciblée afin que leurs services répondent aux besoins actuels et futurs du consommateur.</p>
<p>&nbsp;</p>
<p><img loading="lazy" decoding="async" class="size-full wp-image-1267 aligncenter" src="https://ceref.helha.be/economique/app/uploads/2021/03/thomas-more.png" alt="" width="169" height="66" /></p>
<p><img loading="lazy" decoding="async" class="size-full wp-image-1266 aligncenter" src="https://ceref.helha.be/economique/app/uploads/2021/03/comeos.png" alt="" width="114" height="39" /></p>
<p><img loading="lazy" decoding="async" class="alignnone size-full wp-image-1274 aligncenter" src="https://ceref.helha.be/economique/app/uploads/2021/03/logo-helha.png" alt="" width="242" height="154" /></p>
<p>&nbsp;</p>
<p>· Le <span style="color: #0089c4">CeREF ECONOMIQUE</span> a participé aux réflexions autour de la création d&rsquo;un programme de recherche centré sur la gestion des circuits courts dans le cadre de la ceinture alimentaire de Charleroi. Il s’agissait, plus précisément, de penser comment définir la logistique du circuit court d’une distribution de 22.000 repas quotidiens.</p>
<p>&nbsp;</p>

<p>Programmes de recherche antérieurs : Le CeREF ECONOMIQUE a participé à une enquête sur l’évolution du comportement d’achat à la suite de la crise du Coronavirus. Des chercheur.e.s de la Haute Ecole Thomas More, de la HELHa à travers le CeREF ECONOMIQUE et de la Fédération sectorielle Comeos ont tenté ensemble d’apporter des réponses à [&hellip;]</p>

<!-- This site is optimized with the Yoast SEO plugin v21.9.1 - https://yoast.com/wordpress/plugins/seo/ -->
<title>Recherches - CeREF Economique</title>
<meta name="robots" content="index, follow, max-snippet:-1, max-image-preview:large, max-video-preview:-1" />
<link rel="canonical" href="https://ceref.helha.be/economique/recherches/" />
<meta property="og:locale" content="fr_FR" />
<meta property="og:type" content="article" />
<meta property="og:title" content="Recherches - CeREF Economique" />
<meta property="og:description" content="Programmes de recherche antérieurs : Le CeREF ECONOMIQUE a participé à une enquête sur l’évolution du comportement d’achat à la suite de la crise du Coronavirus. Des chercheur.e.s de la Haute Ecole Thomas More, de la HELHa à travers le CeREF ECONOMIQUE et de la Fédération sectorielle Comeos ont tenté ensemble d’apporter des réponses à [&hellip;]" />
<meta property="og:url" content="https://ceref.helha.be/economique/recherches/" />
<meta property="og:site_name" content="CeREF Economique" />
<meta property="article:publisher" content="https://www.facebook.com/Ceref.helha" />
<meta property="article:modified_time" content="2024-09-24T14:40:37+00:00" />
<meta property="og:image" content="https://ceref.helha.be/economique/app/uploads/2021/03/thomas-more.png" />
<meta name="twitter:card" content="summary_large_image" />
<meta name="twitter:label1" content="Est. reading time" />
	<meta name="twitter:data1" content="1 minute" />
<script type="application/ld+json" class="yoast-schema-graph">{"@context":"https://schema.org","@graph":[{"@type":"WebPage","@id":"https://ceref.helha.be/economique/recherches/","url":"https://ceref.helha.be/economique/recherches/","name":"Recherches - CeREF Economique","isPartOf":{"@id":"https://ceref.helha.be/economique/#website"},"datePublished":"2019-12-17T14:02:48+00:00","dateModified":"2024-09-24T14:40:37+00:00","breadcrumb":{"@id":"https://ceref.helha.be/economique/recherches/#breadcrumb"},"inLanguage":"fr-FR","potentialAction":[{"@type":"ReadAction","target":["https://ceref.helha.be/economique/recherches/"]}]},{"@type":"BreadcrumbList","@id":"https://ceref.helha.be/economique/recherches/#breadcrumb","itemListElement":[{"@type":"ListItem","position":1,"name":"Home","item":"https://ceref.helha.be/economique/"},{"@type":"ListItem","position":2,"name":"Recherches"}]},{"@type":"WebSite","@id":"https://ceref.helha.be/economique/#website","url":"https://ceref.helha.be/economique/","name":"CeREF Economique - Centre de Recherche et de Formation continue de la HELHa","description":"Centre de Recherche et de Formation HELHa","publisher":{"@id":"https://ceref.helha.be/economique/#organization"},"potentialAction":[{"@type":"SearchAction","target":{"@type":"EntryPoint","urlTemplate":"https://ceref.helha.be/economique/?s={search_term_string}"},"query-input":"required name=search_term_string"}],"inLanguage":"fr-FR"},{"@type":"Organization","@id":"https://ceref.helha.be/economique/#organization","name":"CeREF Economique - Centre de Recherche et de Formation continue de la HELHa","url":"https://ceref.helha.be/economique/","logo":{"@type":"ImageObject","inLanguage":"fr-FR","@id":"https://ceref.helha.be/economique/#/schema/logo/image/","url":"https://ceref.helha.be/economique/app/uploads/2021/03/logo-cerefeconomique.jpg","contentUrl":"https://ceref.helha.be/economique/app/uploads/2021/03/logo-cerefeconomique.jpg","width":278,"height":154,"caption":"CeREF Economique - Centre de Recherche et de Formation continue de la HELHa"},"image":{"@id":"https://ceref.helha.be/economique/#/schema/logo/image/"},"sameAs":["https://www.facebook.com/Ceref.helha","https://www.linkedin.com/company/ceref-helha/"]}]}</script>
<!-- / Yoast SEO plugin. -->

Programmes de recherche antérieurs : Le CeREF ECONOMIQUE a participé à une enquête sur l’évolution du comportement d’achat à la suite de la crise du Coronavirus. Des chercheur.e.s de la Haute Ecole Thomas More, de la HELHa à travers le CeREF ECONOMIQUE et de la Fédération sectorielle Comeos ont tenté ensemble d’apporter des réponses à [&hellip;]
