{"id":2033,"date":"2025-12-11T12:35:13","date_gmt":"2025-12-11T12:35:13","guid":{"rendered":"https:\/\/ceref.helha.be\/economique\/?page_id=2033"},"modified":"2026-02-09T11:01:47","modified_gmt":"2026-02-09T11:01:47","slug":"cycle-complet-de-modules-de-formation-continue-en-strategie-supply-chain-15-ects","status":"publish","type":"page","link":"https:\/\/ceref.helha.be\/economique\/formations\/cycle-complet-de-modules-de-formation-continue-en-strategie-supply-chain-15-ects\/","title":{"rendered":"Certificat de formation continue Haute Ecole en Strat\u00e9gie Supply Chain\u00a0"},"content":{"rendered":"<h2><span style=\"color: #0089c4;\"><strong>Objectif de la formation<\/strong><\/span><\/h2>\n<p>Devenez le\u00b7la <strong>strat\u00e8ge de la Supply Chain<\/strong> : ma\u00eetrisez, innovez, pilotez ! Dans un monde marqu\u00e9 par l\u2019instabilit\u00e9 g\u00e9opolitique, la digitalisation acc\u00e9l\u00e9r\u00e9e et les exigences de durabilit\u00e9, la <strong>gestion strat\u00e9gique de la Supply Chain<\/strong> est devenue un levier essentiel pour la performance et la r\u00e9silience des organisations.<\/p>\n<p>Cette formation pionni\u00e8re en Belgique francophone vous pr\u00e9pare \u00e0 relever ces d\u00e9fis gr\u00e2ce \u00e0 une approche <strong>civilo-militaire unique <\/strong>et\u00a0des <strong>partenariats strat\u00e9giques<\/strong> (La D\u00e9fense belge, ABCAL, ELA).<\/p>\n<h2><span style=\"color: #0089c4;\"><strong>\u00c0 qui s\u2019adresse ce certificat ?<\/strong><\/span><\/h2>\n<p>Ce certificat s&rsquo;adresse aux <strong>professionnel\u00b7le\u00b7s<\/strong> du secteur logistique, industriel, militaire ou humanitaire mais aussi aux <strong>cadres<\/strong> en reconversion ainsi qu&rsquo;aux <strong>\u00e9tudiant\u00b7e\u00b7s<\/strong> post-cycle Bachelier.<\/p>\n<h2><span style=\"color: #0089c4;\"><strong>Les points forts\u00a0<\/strong><\/span><\/h2>\n<p><strong>Partenariats strat\u00e9giques<\/strong> : La D\u00e9fense belge, ABCAL (Association belge des cadres d\u2019Achat et de Logistique), ELA (The European Logistics Association)<br \/>\n<strong>Approche civilo-militaire unique<\/strong> : simulations en contexte op\u00e9rationnel<br \/>\n<strong>Modules flexibles<\/strong> : possibilit\u00e9 de suivre certains modules \u00e0 la carte<br \/>\n<strong>Ouverture nationale et internationale<\/strong> : certifications ABCAL\/ELA<br \/>\n<strong>Immersion professionnelle<\/strong> : \u00e9tudes de cas, missions de terrain, audit logistique<\/p>\n<h2><strong><span style=\"color: #0089c4;\">Dates et organisation<\/span><\/strong><\/h2>\n<p><strong>Quand ?<\/strong> D\u00e8s le 23 janvier 2026, horaires adapt\u00e9s en journ\u00e9e (le vendredi de 9h-16h), pr\u00e9sentiel et\/ou hybride<\/p>\n<p><strong>O\u00f9 ?<\/strong> Campus HELHa Montignies-sur-Sambre (Charleroi) + activit\u00e9s possibles en caserne militaire (Caserne de Ruquoy)<\/p>\n<p><strong>Langue<\/strong> : Fran\u00e7ais (interventions ponctuelles en anglais)<\/p>\n<p><strong>Prix<\/strong> : 7500 \u20ac (Module pris isol\u00e9ment \u00e0 partir de 600 \u20ac)<\/p>\n<p><strong><span style=\"color: #0089c4;\">&gt;&gt;&gt;<\/span>\u00a0<span style=\"color: #0089c4;\">Inscrivez-vous d\u00e8s maintenant \u00e0 la <a href=\"https:\/\/forms.office.com\/pages\/responsepage.aspx?id=DdTDAQXPJkODYP7OfaVEFNmTfGGAFq5El16-SrKHu_BUMjZLMlRDNkxJUEVUNVIxRkhZTTNPUUFDSS4u&amp;route=shorturl\">formation compl\u00e8te<\/a> (voir plus bas pour les diff\u00e9rents modules)<\/span><\/strong><\/p>\n<p><strong>Demandes d\u2019informations : <\/strong>Perrine Pigeon (Coordinatrice institutionnelle) \u00e0 <a href=\"mailto:pigeonp@helha.be\">pigeonp@helha.be <\/a>avec Jo\u00ebl Busa (Coordinateur acad\u00e9mique) en copie \u00e0 <a href=\"mailto:busaj@helha.be\">busaj@helha.be<\/a><\/p>\n<h2><span style=\"color: #0089c4;\"><strong>Le programme<\/strong><\/span><\/h2>\n<h3><strong>Certificat de formation continue Haute Ecole en Strat\u00e9gie Supply Chain\u00a0<\/strong><\/h3>\n<p><span style=\"color: #0089c4;\"><strong>PARTIE I &#8211; Fondamentaux de la Supply Chain (5 cr\u00e9dits)<\/strong><\/span><\/p>\n<p><strong>Module 1 (\u00e0 partir du 23 janvier 2026)<\/strong> &#8211; Introduction \u00e0 la logistique &amp; Supply Chain (OBLIGATOIRE)<\/p>\n<p><span style=\"color: #0089c4;\"><strong>&gt;&gt;&gt; <a style=\"color: #0089c4;\" href=\"https:\/\/forms.office.com\/pages\/responsepage.aspx?id=DdTDAQXPJkODYP7OfaVEFNmTfGGAFq5El16-SrKHu_BUNlgzSVZEOElCMTVTMVpCOE4zT0RaVUsyWC4u&amp;route=shorturl\">Inscriptions<\/a><\/strong><\/span><\/p>\n<p><strong>Module 2<\/strong><strong> (\u00e0 partir du 20 f\u00e9vrier 2026)<\/strong> &#8211; Transport &amp; Distribution<\/p>\n<p><span style=\"color: #0089c4;\"><strong>&gt;&gt;&gt; <span style=\"color: #0089c4;\"><a style=\"color: #0089c4;\" href=\"https:\/\/forms.office.com\/pages\/responsepage.aspx?id=DdTDAQXPJkODYP7OfaVEFNmTfGGAFq5El16-SrKHu_BUOVdZS0JXNkg1VkNUOEJCWEtMRk1JWUo5RC4u&amp;route=shorturl\">Inscriptions<\/a><\/span><\/strong><\/span><\/p>\n<p><strong>Module 3 (\u00e0 partir du 27 mars 2026)<\/strong> &#8211; Gestion des stocks &amp; entreposage<\/p>\n<p><span style=\"color: #0089c4;\"><strong>&gt;&gt;&gt; <span style=\"color: #0089c4;\"><a style=\"color: #0089c4;\" href=\"https:\/\/forms.office.com\/pages\/responsepage.aspx?id=DdTDAQXPJkODYP7OfaVEFNmTfGGAFq5El16-SrKHu_BUNFNGOUkzMjE5UTIwVlVDR01LOElaWFJBRC4u&amp;route=shorturl\">Inscriptions<\/a><\/span><\/strong><\/span><\/p>\n<p><strong>Module 4<\/strong> <strong>(\u00e0 partir du 24 avril 2026)<\/strong> &#8211; Approvisionnement &amp; Achats<\/p>\n<p><strong>Module 5<\/strong> <strong>(\u00e0 partir du 29 mai 2026)<\/strong> &#8211; Outils de planification<\/p>\n<p><strong>Module 6<\/strong> <strong>(2026)<\/strong> &#8211; Comp\u00e9tences professionnelles &amp; soft skills<\/p>\n<p><span style=\"color: #0089c4;\"><strong>&gt;&gt;&gt;<\/strong> <a style=\"color: #0089c4;\" href=\"https:\/\/forms.office.com\/pages\/responsepage.aspx?id=DdTDAQXPJkODYP7OfaVEFNmTfGGAFq5El16-SrKHu_BUNFhXTE9CWEpER1FHNzgxSTk3MjBHSkRGVi4u&amp;route=shorturl\"><strong>Inscriptions aux modules 4, 5 et 6 <\/strong>(ne peuvent \u00eatre pris s\u00e9par\u00e9ment)<\/a><\/span><\/p>\n<p><span style=\"color: #0089c4;\"><strong>PARTIE II &#8211; Sp\u00e9cialisations &amp; Internationalisation (10 cr\u00e9dits)<\/strong><\/span><\/p>\n<p><strong>Module 1<\/strong> <strong>(\u00e0 partir du 4 septembre 2026)<\/strong> &#8211; Logistique internationale &amp; douane (OBLIGATOIRE)<\/p>\n<p><strong>Module 2 (\u00e0 partir du 6 octobre 2026)<\/strong> &#8211; Supply Chain durable &amp; RSE<\/p>\n<p><strong>Module 3 (\u00e0 partir du 11 d\u00e9cembre 2026)<\/strong> &#8211; E-commerce &amp; Supply Chain digitale<\/p>\n<p><span style=\"color: #0089c4;\"><strong>&gt;&gt;&gt; <span style=\"color: #0089c4;\"><a style=\"color: #0089c4;\" href=\"https:\/\/forms.office.com\/pages\/responsepage.aspx?id=DdTDAQXPJkODYP7OfaVEFNmTfGGAFq5El16-SrKHu_BUODJFRlo1Mlc1TTRYMjJaMFVIWEhZTkwwVC4u&amp;route=shorturl\">Inscriptions aux 3 premiers modules <\/a><\/span><\/strong><span style=\"color: #0089c4;\"><a style=\"color: #0089c4;\" href=\"https:\/\/forms.office.com\/pages\/responsepage.aspx?id=DdTDAQXPJkODYP7OfaVEFNmTfGGAFq5El16-SrKHu_BUNFhXTE9CWEpER1FHNzgxSTk3MjBHSkRGVi4u&amp;route=shorturl\">(ne peuvent \u00eatre pris s\u00e9par\u00e9ment)<\/a><\/span><\/span><\/p>\n<p><strong>Module 4 (\u00e0 partir de 2027)<\/strong> &#8211; Pilotage strat\u00e9gique de la Supply Chain<\/p>\n<p><strong>Module 5 (2027)<\/strong> &#8211; Innovation technologique<\/p>\n<p><strong>Module 6 (2027)<\/strong> &#8211; Mission terrain \/ Audit Supply Chain<\/p>\n<p><strong style=\"color: #0089c4;\">&gt;&gt;&gt; Pour davantage de d\u00e9tails, consultez la <a href=\"https:\/\/www.calameo.com\/read\/007065657f7bbcbb06f7c\">fiche p\u00e9dagogique<\/a> reprenant le descriptif complet des modules\u00a0<\/strong><\/p>\n<p><img loading=\"lazy\" decoding=\"async\" class=\"alignnone wp-image-2048\" src=\"https:\/\/ceref.helha.be\/economique\/app\/uploads\/2025\/12\/logo_defense-300x61.png\" alt=\"\" width=\"226\" height=\"46\" srcset=\"https:\/\/ceref.helha.be\/economique\/app\/uploads\/2025\/12\/logo_defense-300x61.png 300w, https:\/\/ceref.helha.be\/economique\/app\/uploads\/2025\/12\/logo_defense-1024x209.png 1024w, https:\/\/ceref.helha.be\/economique\/app\/uploads\/2025\/12\/logo_defense-768x157.png 768w, https:\/\/ceref.helha.be\/economique\/app\/uploads\/2025\/12\/logo_defense-1536x313.png 1536w, https:\/\/ceref.helha.be\/economique\/app\/uploads\/2025\/12\/logo_defense.png 1850w\" sizes=\"auto, (max-width: 226px) 100vw, 226px\" \/> <img loading=\"lazy\" decoding=\"async\" class=\"alignnone wp-image-2049\" src=\"https:\/\/ceref.helha.be\/economique\/app\/uploads\/2025\/12\/ceref-economique-300x102.png\" alt=\"\" width=\"220\" height=\"75\" srcset=\"https:\/\/ceref.helha.be\/economique\/app\/uploads\/2025\/12\/ceref-economique-300x102.png 300w, https:\/\/ceref.helha.be\/economique\/app\/uploads\/2025\/12\/ceref-economique-1024x347.png 1024w, https:\/\/ceref.helha.be\/economique\/app\/uploads\/2025\/12\/ceref-economique-768x260.png 768w, https:\/\/ceref.helha.be\/economique\/app\/uploads\/2025\/12\/ceref-economique.png 1533w\" sizes=\"auto, (max-width: 220px) 100vw, 220px\" \/> <img loading=\"lazy\" decoding=\"async\" class=\"alignnone wp-image-2050\" src=\"https:\/\/ceref.helha.be\/economique\/app\/uploads\/2025\/12\/logoabcal-NewLook-SCGRIS30N-300x157.png\" alt=\"\" width=\"225\" height=\"118\" srcset=\"https:\/\/ceref.helha.be\/economique\/app\/uploads\/2025\/12\/logoabcal-NewLook-SCGRIS30N-300x157.png 300w, https:\/\/ceref.helha.be\/economique\/app\/uploads\/2025\/12\/logoabcal-NewLook-SCGRIS30N.png 540w\" sizes=\"auto, (max-width: 225px) 100vw, 225px\" \/><\/p>\n<p>&nbsp;<\/p>\n<p><strong><em>D\u00e9couvrez \u00e9galement notre formation<\/em><\/strong> <a href=\"https:\/\/ceref.helha.be\/economique\/formations\/formation-entreprise-durable-et-strategie-responsable\/\"><strong><em>\u00ab\u00a0<\/em><em>Entreprise durable et strat\u00e9gie responsable\u00a0\u00bb<\/em><\/strong><\/a><\/p>\n","protected":false},"excerpt":{"rendered":"<p>Objectif de la formation Devenez le\u00b7la strat\u00e8ge de la Supply Chain : ma\u00eetrisez, innovez, pilotez ! Dans un monde marqu\u00e9 par l\u2019instabilit\u00e9 g\u00e9opolitique, la digitalisation acc\u00e9l\u00e9r\u00e9e et les exigences de durabilit\u00e9, la gestion strat\u00e9gique de la Supply Chain est devenue un levier essentiel pour la performance et la r\u00e9silience des organisations. Cette formation pionni\u00e8re en [&hellip;]<\/p>\n","protected":false},"author":46,"featured_media":0,"parent":238,"menu_order":0,"comment_status":"closed","ping_status":"closed","template":"","meta":{"_acf_changed":false,"footnotes":""},"class_list":["post-2033","page","type-page","status-publish","hentry"],"acf":[],"yoast_head":"<!-- This site is optimized with the Yoast SEO plugin v21.9.1 - https:\/\/yoast.com\/wordpress\/plugins\/seo\/ -->\n<title>Certificat de formation continue en Strat\u00e9gie Supply Chain\u00a0<\/title>\n<meta name=\"description\" content=\"Devenez le\u00b7la strat\u00e8ge de la Supply Chain : ma\u00eetrisez, innovez, pilotez ! Dans un monde marqu\u00e9 par l\u2019instabilit\u00e9 g\u00e9opolitique, la digitalisation acc\u00e9l\u00e9r\u00e9e et les exigences de durabilit\u00e9, la gestion strat\u00e9gique de la Supply Chain est devenue un levier essentiel pour la performance et la r\u00e9silience des organisations.\" \/>\n<meta name=\"robots\" content=\"index, follow, max-snippet:-1, max-image-preview:large, max-video-preview:-1\" \/>\n<link rel=\"canonical\" href=\"https:\/\/ceref.helha.be\/economique\/formations\/cycle-complet-de-modules-de-formation-continue-en-strategie-supply-chain-15-ects\/\" \/>\n<meta property=\"og:locale\" content=\"fr_FR\" \/>\n<meta property=\"og:type\" content=\"article\" \/>\n<meta property=\"og:title\" content=\"Certificat de formation continue en Strat\u00e9gie Supply Chain\u00a0\" \/>\n<meta property=\"og:description\" content=\"Devenez le\u00b7la strat\u00e8ge de la Supply Chain : ma\u00eetrisez, innovez, pilotez ! Dans un monde marqu\u00e9 par l\u2019instabilit\u00e9 g\u00e9opolitique, la digitalisation acc\u00e9l\u00e9r\u00e9e et les exigences de durabilit\u00e9, la gestion strat\u00e9gique de la Supply Chain est devenue un levier essentiel pour la performance et la r\u00e9silience des organisations.\" \/>\n<meta property=\"og:url\" content=\"https:\/\/ceref.helha.be\/economique\/formations\/cycle-complet-de-modules-de-formation-continue-en-strategie-supply-chain-15-ects\/\" \/>\n<meta property=\"og:site_name\" content=\"CeREF Economique\" \/>\n<meta property=\"article:publisher\" content=\"https:\/\/www.facebook.com\/Ceref.helha\" \/>\n<meta property=\"article:modified_time\" content=\"2026-02-09T11:01:47+00:00\" \/>\n<meta property=\"og:image\" content=\"https:\/\/ceref.helha.be\/economique\/app\/uploads\/2025\/12\/logo_defense-300x61.png\" \/>\n<meta name=\"twitter:card\" content=\"summary_large_image\" \/>\n<meta name=\"twitter:label1\" content=\"Est. reading time\" \/>\n\t<meta name=\"twitter:data1\" content=\"3 minutes\" \/>\n<script type=\"application\/ld+json\" class=\"yoast-schema-graph\">{\"@context\":\"https:\/\/schema.org\",\"@graph\":[{\"@type\":\"WebPage\",\"@id\":\"https:\/\/ceref.helha.be\/economique\/formations\/cycle-complet-de-modules-de-formation-continue-en-strategie-supply-chain-15-ects\/\",\"url\":\"https:\/\/ceref.helha.be\/economique\/formations\/cycle-complet-de-modules-de-formation-continue-en-strategie-supply-chain-15-ects\/\",\"name\":\"Certificat de formation continue en Strat\u00e9gie Supply Chain\u00a0\",\"isPartOf\":{\"@id\":\"https:\/\/ceref.helha.be\/economique\/#website\"},\"datePublished\":\"2025-12-11T12:35:13+00:00\",\"dateModified\":\"2026-02-09T11:01:47+00:00\",\"description\":\"Devenez le\u00b7la strat\u00e8ge de la Supply Chain : ma\u00eetrisez, innovez, pilotez ! Dans un monde marqu\u00e9 par l\u2019instabilit\u00e9 g\u00e9opolitique, la digitalisation acc\u00e9l\u00e9r\u00e9e et les exigences de durabilit\u00e9, la gestion strat\u00e9gique de la Supply Chain est devenue un levier essentiel pour la performance et la r\u00e9silience des organisations.\",\"breadcrumb\":{\"@id\":\"https:\/\/ceref.helha.be\/economique\/formations\/cycle-complet-de-modules-de-formation-continue-en-strategie-supply-chain-15-ects\/#breadcrumb\"},\"inLanguage\":\"fr-FR\",\"potentialAction\":[{\"@type\":\"ReadAction\",\"target\":[\"https:\/\/ceref.helha.be\/economique\/formations\/cycle-complet-de-modules-de-formation-continue-en-strategie-supply-chain-15-ects\/\"]}]},{\"@type\":\"BreadcrumbList\",\"@id\":\"https:\/\/ceref.helha.be\/economique\/formations\/cycle-complet-de-modules-de-formation-continue-en-strategie-supply-chain-15-ects\/#breadcrumb\",\"itemListElement\":[{\"@type\":\"ListItem\",\"position\":1,\"name\":\"Home\",\"item\":\"https:\/\/ceref.helha.be\/economique\/\"},{\"@type\":\"ListItem\",\"position\":2,\"name\":\"Formations\",\"item\":\"https:\/\/ceref.helha.be\/economique\/formations\/\"},{\"@type\":\"ListItem\",\"position\":3,\"name\":\"Certificat de formation continue Haute Ecole en Strat\u00e9gie Supply Chain\u00a0\"}]},{\"@type\":\"WebSite\",\"@id\":\"https:\/\/ceref.helha.be\/economique\/#website\",\"url\":\"https:\/\/ceref.helha.be\/economique\/\",\"name\":\"CeREF Economique - Centre de Recherche et de Formation continue de la HELHa\",\"description\":\"Centre de Recherche et de Formation HELHa\",\"publisher\":{\"@id\":\"https:\/\/ceref.helha.be\/economique\/#organization\"},\"potentialAction\":[{\"@type\":\"SearchAction\",\"target\":{\"@type\":\"EntryPoint\",\"urlTemplate\":\"https:\/\/ceref.helha.be\/economique\/?s={search_term_string}\"},\"query-input\":\"required name=search_term_string\"}],\"inLanguage\":\"fr-FR\"},{\"@type\":\"Organization\",\"@id\":\"https:\/\/ceref.helha.be\/economique\/#organization\",\"name\":\"CeREF Economique - Centre de Recherche et de Formation continue de la HELHa\",\"url\":\"https:\/\/ceref.helha.be\/economique\/\",\"logo\":{\"@type\":\"ImageObject\",\"inLanguage\":\"fr-FR\",\"@id\":\"https:\/\/ceref.helha.be\/economique\/#\/schema\/logo\/image\/\",\"url\":\"https:\/\/ceref.helha.be\/economique\/app\/uploads\/2021\/03\/logo-cerefeconomique.jpg\",\"contentUrl\":\"https:\/\/ceref.helha.be\/economique\/app\/uploads\/2021\/03\/logo-cerefeconomique.jpg\",\"width\":278,\"height\":154,\"caption\":\"CeREF Economique - Centre de Recherche et de Formation continue de la HELHa\"},\"image\":{\"@id\":\"https:\/\/ceref.helha.be\/economique\/#\/schema\/logo\/image\/\"},\"sameAs\":[\"https:\/\/www.facebook.com\/Ceref.helha\",\"https:\/\/www.linkedin.com\/company\/ceref-helha\/\"]}]}<\/script>\n<!-- \/ Yoast SEO plugin. -->","yoast_head_json":{"title":"Certificat de formation continue en Strat\u00e9gie Supply Chain\u00a0","description":"Devenez le\u00b7la strat\u00e8ge de la Supply Chain : ma\u00eetrisez, innovez, pilotez ! Dans un monde marqu\u00e9 par l\u2019instabilit\u00e9 g\u00e9opolitique, la digitalisation acc\u00e9l\u00e9r\u00e9e et les exigences de durabilit\u00e9, la gestion strat\u00e9gique de la Supply Chain est devenue un levier essentiel pour la performance et la r\u00e9silience des organisations.","robots":{"index":"index","follow":"follow","max-snippet":"max-snippet:-1","max-image-preview":"max-image-preview:large","max-video-preview":"max-video-preview:-1"},"canonical":"https:\/\/ceref.helha.be\/economique\/formations\/cycle-complet-de-modules-de-formation-continue-en-strategie-supply-chain-15-ects\/","og_locale":"fr_FR","og_type":"article","og_title":"Certificat de formation continue en Strat\u00e9gie Supply Chain\u00a0","og_description":"Devenez le\u00b7la strat\u00e8ge de la Supply Chain : ma\u00eetrisez, innovez, pilotez ! Dans un monde marqu\u00e9 par l\u2019instabilit\u00e9 g\u00e9opolitique, la digitalisation acc\u00e9l\u00e9r\u00e9e et les exigences de durabilit\u00e9, la gestion strat\u00e9gique de la Supply Chain est devenue un levier essentiel pour la performance et la r\u00e9silience des organisations.","og_url":"https:\/\/ceref.helha.be\/economique\/formations\/cycle-complet-de-modules-de-formation-continue-en-strategie-supply-chain-15-ects\/","og_site_name":"CeREF Economique","article_publisher":"https:\/\/www.facebook.com\/Ceref.helha","article_modified_time":"2026-02-09T11:01:47+00:00","og_image":[{"url":"https:\/\/ceref.helha.be\/economique\/app\/uploads\/2025\/12\/logo_defense-300x61.png"}],"twitter_card":"summary_large_image","twitter_misc":{"Est. reading time":"3 minutes"},"schema":{"@context":"https:\/\/schema.org","@graph":[{"@type":"WebPage","@id":"https:\/\/ceref.helha.be\/economique\/formations\/cycle-complet-de-modules-de-formation-continue-en-strategie-supply-chain-15-ects\/","url":"https:\/\/ceref.helha.be\/economique\/formations\/cycle-complet-de-modules-de-formation-continue-en-strategie-supply-chain-15-ects\/","name":"Certificat de formation continue en Strat\u00e9gie Supply Chain\u00a0","isPartOf":{"@id":"https:\/\/ceref.helha.be\/economique\/#website"},"datePublished":"2025-12-11T12:35:13+00:00","dateModified":"2026-02-09T11:01:47+00:00","description":"Devenez le\u00b7la strat\u00e8ge de la Supply Chain : ma\u00eetrisez, innovez, pilotez ! Dans un monde marqu\u00e9 par l\u2019instabilit\u00e9 g\u00e9opolitique, la digitalisation acc\u00e9l\u00e9r\u00e9e et les exigences de durabilit\u00e9, la gestion strat\u00e9gique de la Supply Chain est devenue un levier essentiel pour la performance et la r\u00e9silience des organisations.","breadcrumb":{"@id":"https:\/\/ceref.helha.be\/economique\/formations\/cycle-complet-de-modules-de-formation-continue-en-strategie-supply-chain-15-ects\/#breadcrumb"},"inLanguage":"fr-FR","potentialAction":[{"@type":"ReadAction","target":["https:\/\/ceref.helha.be\/economique\/formations\/cycle-complet-de-modules-de-formation-continue-en-strategie-supply-chain-15-ects\/"]}]},{"@type":"BreadcrumbList","@id":"https:\/\/ceref.helha.be\/economique\/formations\/cycle-complet-de-modules-de-formation-continue-en-strategie-supply-chain-15-ects\/#breadcrumb","itemListElement":[{"@type":"ListItem","position":1,"name":"Home","item":"https:\/\/ceref.helha.be\/economique\/"},{"@type":"ListItem","position":2,"name":"Formations","item":"https:\/\/ceref.helha.be\/economique\/formations\/"},{"@type":"ListItem","position":3,"name":"Certificat de formation continue Haute Ecole en Strat\u00e9gie Supply Chain\u00a0"}]},{"@type":"WebSite","@id":"https:\/\/ceref.helha.be\/economique\/#website","url":"https:\/\/ceref.helha.be\/economique\/","name":"CeREF Economique - Centre de Recherche et de Formation continue de la HELHa","description":"Centre de Recherche et de Formation HELHa","publisher":{"@id":"https:\/\/ceref.helha.be\/economique\/#organization"},"potentialAction":[{"@type":"SearchAction","target":{"@type":"EntryPoint","urlTemplate":"https:\/\/ceref.helha.be\/economique\/?s={search_term_string}"},"query-input":"required name=search_term_string"}],"inLanguage":"fr-FR"},{"@type":"Organization","@id":"https:\/\/ceref.helha.be\/economique\/#organization","name":"CeREF Economique - Centre de Recherche et de Formation continue de la HELHa","url":"https:\/\/ceref.helha.be\/economique\/","logo":{"@type":"ImageObject","inLanguage":"fr-FR","@id":"https:\/\/ceref.helha.be\/economique\/#\/schema\/logo\/image\/","url":"https:\/\/ceref.helha.be\/economique\/app\/uploads\/2021\/03\/logo-cerefeconomique.jpg","contentUrl":"https:\/\/ceref.helha.be\/economique\/app\/uploads\/2021\/03\/logo-cerefeconomique.jpg","width":278,"height":154,"caption":"CeREF Economique - Centre de Recherche et de Formation continue de la HELHa"},"image":{"@id":"https:\/\/ceref.helha.be\/economique\/#\/schema\/logo\/image\/"},"sameAs":["https:\/\/www.facebook.com\/Ceref.helha","https:\/\/www.linkedin.com\/company\/ceref-helha\/"]}]}},"_links":{"self":[{"href":"https:\/\/ceref.helha.be\/economique\/wp-json\/wp\/v2\/pages\/2033","targetHints":{"allow":["GET"]}}],"collection":[{"href":"https:\/\/ceref.helha.be\/economique\/wp-json\/wp\/v2\/pages"}],"about":[{"href":"https:\/\/ceref.helha.be\/economique\/wp-json\/wp\/v2\/types\/page"}],"author":[{"embeddable":true,"href":"https:\/\/ceref.helha.be\/economique\/wp-json\/wp\/v2\/users\/46"}],"replies":[{"embeddable":true,"href":"https:\/\/ceref.helha.be\/economique\/wp-json\/wp\/v2\/comments?post=2033"}],"version-history":[{"count":30,"href":"https:\/\/ceref.helha.be\/economique\/wp-json\/wp\/v2\/pages\/2033\/revisions"}],"predecessor-version":[{"id":2061,"href":"https:\/\/ceref.helha.be\/economique\/wp-json\/wp\/v2\/pages\/2033\/revisions\/2061"}],"up":[{"embeddable":true,"href":"https:\/\/ceref.helha.be\/economique\/wp-json\/wp\/v2\/pages\/238"}],"wp:attachment":[{"href":"https:\/\/ceref.helha.be\/economique\/wp-json\/wp\/v2\/media?parent=2033"}],"curies":[{"name":"wp","href":"https:\/\/api.w.org\/{rel}","templated":true}]}}