{"id":243,"date":"2019-12-17T15:04:45","date_gmt":"2019-12-17T14:04:45","guid":{"rendered":"https:\/\/ceref-test.helha.be\/arts-appliques\/?page_id=243"},"modified":"2024-11-21T12:51:47","modified_gmt":"2024-11-21T12:51:47","slug":"evenements","status":"publish","type":"page","link":"https:\/\/ceref.helha.be\/arts-appliques\/evenements\/","title":{"rendered":"Ev\u00e9nements"},"content":{"rendered":"<p>La cellule ARTS APPLIQUES revient bient\u00f4t avec des \u00e9v\u00e9nements incontournables.<\/p>\n","protected":false},"excerpt":{"rendered":"<p>La cellule ARTS APPLIQUES revient bient\u00f4t avec des \u00e9v\u00e9nements incontournables.<\/p>\n","protected":false},"author":1,"featured_media":0,"parent":0,"menu_order":0,"comment_status":"closed","ping_status":"closed","template":"","meta":{"_acf_changed":false,"footnotes":""},"class_list":["post-243","page","type-page","status-publish","hentry"],"acf":[],"yoast_head":"<!-- This site is optimized with the Yoast SEO plugin v21.9.1 - https:\/\/yoast.com\/wordpress\/plugins\/seo\/ -->\n<title>Ev\u00e9nements - CeREF Arts-Appliqu\u00e9s<\/title>\n<meta name=\"description\" content=\"Le CeREF Appliqu\u00e9s participe \u00e0 des \u00e9v\u00e9nements organis\u00e9s par la HELHa.\" \/>\n<meta name=\"robots\" content=\"index, follow, max-snippet:-1, max-image-preview:large, max-video-preview:-1\" \/>\n<link rel=\"canonical\" href=\"https:\/\/ceref.helha.be\/arts-appliques\/evenements\/\" \/>\n<meta property=\"og:locale\" content=\"fr_FR\" \/>\n<meta property=\"og:type\" content=\"article\" \/>\n<meta property=\"og:title\" content=\"Ev\u00e9nements - CeREF Arts-Appliqu\u00e9s\" \/>\n<meta property=\"og:description\" content=\"Le CeREF Appliqu\u00e9s participe \u00e0 des \u00e9v\u00e9nements organis\u00e9s par la HELHa.\" \/>\n<meta property=\"og:url\" content=\"https:\/\/ceref.helha.be\/arts-appliques\/evenements\/\" \/>\n<meta property=\"og:site_name\" content=\"CeREF Arts-Appliqu\u00e9s\" \/>\n<meta property=\"article:publisher\" content=\"https:\/\/www.facebook.com\/Ceref.helha\" \/>\n<meta property=\"article:modified_time\" content=\"2024-11-21T12:51:47+00:00\" \/>\n<meta name=\"twitter:card\" content=\"summary_large_image\" \/>\n<meta name=\"twitter:label1\" content=\"Est. reading time\" \/>\n\t<meta name=\"twitter:data1\" content=\"1 minute\" \/>\n<script type=\"application\/ld+json\" class=\"yoast-schema-graph\">{\"@context\":\"https:\/\/schema.org\",\"@graph\":[{\"@type\":\"WebPage\",\"@id\":\"https:\/\/ceref.helha.be\/arts-appliques\/evenements\/\",\"url\":\"https:\/\/ceref.helha.be\/arts-appliques\/evenements\/\",\"name\":\"Ev\u00e9nements - CeREF Arts-Appliqu\u00e9s\",\"isPartOf\":{\"@id\":\"https:\/\/ceref.helha.be\/arts-appliques\/#website\"},\"datePublished\":\"2019-12-17T14:04:45+00:00\",\"dateModified\":\"2024-11-21T12:51:47+00:00\",\"description\":\"Le CeREF Appliqu\u00e9s participe \u00e0 des \u00e9v\u00e9nements organis\u00e9s par la HELHa.\",\"breadcrumb\":{\"@id\":\"https:\/\/ceref.helha.be\/arts-appliques\/evenements\/#breadcrumb\"},\"inLanguage\":\"fr-FR\",\"potentialAction\":[{\"@type\":\"ReadAction\",\"target\":[\"https:\/\/ceref.helha.be\/arts-appliques\/evenements\/\"]}]},{\"@type\":\"BreadcrumbList\",\"@id\":\"https:\/\/ceref.helha.be\/arts-appliques\/evenements\/#breadcrumb\",\"itemListElement\":[{\"@type\":\"ListItem\",\"position\":1,\"name\":\"Home\",\"item\":\"https:\/\/ceref.helha.be\/arts-appliques\/\"},{\"@type\":\"ListItem\",\"position\":2,\"name\":\"Ev\u00e9nements\"}]},{\"@type\":\"WebSite\",\"@id\":\"https:\/\/ceref.helha.be\/arts-appliques\/#website\",\"url\":\"https:\/\/ceref.helha.be\/arts-appliques\/\",\"name\":\"CeREF Arts-Appliqu\u00e9s - Centre de Recherche et de Formation continue de la HELHa\",\"description\":\"\",\"publisher\":{\"@id\":\"https:\/\/ceref.helha.be\/arts-appliques\/#organization\"},\"potentialAction\":[{\"@type\":\"SearchAction\",\"target\":{\"@type\":\"EntryPoint\",\"urlTemplate\":\"https:\/\/ceref.helha.be\/arts-appliques\/?s={search_term_string}\"},\"query-input\":\"required name=search_term_string\"}],\"inLanguage\":\"fr-FR\"},{\"@type\":\"Organization\",\"@id\":\"https:\/\/ceref.helha.be\/arts-appliques\/#organization\",\"name\":\"CeREF Arts-Appliqu\u00e9s - Centre de Recherche et de Formation continue de la HELHa\",\"url\":\"https:\/\/ceref.helha.be\/arts-appliques\/\",\"logo\":{\"@type\":\"ImageObject\",\"inLanguage\":\"fr-FR\",\"@id\":\"https:\/\/ceref.helha.be\/arts-appliques\/#\/schema\/logo\/image\/\",\"url\":\"https:\/\/ceref.helha.be\/arts-appliques\/app\/uploads\/2019\/12\/logo-cerefarts-appliques.jpg\",\"contentUrl\":\"https:\/\/ceref.helha.be\/arts-appliques\/app\/uploads\/2019\/12\/logo-cerefarts-appliques.jpg\",\"width\":278,\"height\":154,\"caption\":\"CeREF Arts-Appliqu\u00e9s - Centre de Recherche et de Formation continue de la HELHa\"},\"image\":{\"@id\":\"https:\/\/ceref.helha.be\/arts-appliques\/#\/schema\/logo\/image\/\"},\"sameAs\":[\"https:\/\/www.facebook.com\/Ceref.helha\",\"https:\/\/www.linkedin.com\/company\/ceref-helha\/\"]}]}<\/script>\n<!-- \/ Yoast SEO plugin. -->","yoast_head_json":{"title":"Ev\u00e9nements - CeREF Arts-Appliqu\u00e9s","description":"Le CeREF Appliqu\u00e9s participe \u00e0 des \u00e9v\u00e9nements organis\u00e9s par la HELHa.","robots":{"index":"index","follow":"follow","max-snippet":"max-snippet:-1","max-image-preview":"max-image-preview:large","max-video-preview":"max-video-preview:-1"},"canonical":"https:\/\/ceref.helha.be\/arts-appliques\/evenements\/","og_locale":"fr_FR","og_type":"article","og_title":"Ev\u00e9nements - CeREF Arts-Appliqu\u00e9s","og_description":"Le CeREF Appliqu\u00e9s participe \u00e0 des \u00e9v\u00e9nements organis\u00e9s par la HELHa.","og_url":"https:\/\/ceref.helha.be\/arts-appliques\/evenements\/","og_site_name":"CeREF Arts-Appliqu\u00e9s","article_publisher":"https:\/\/www.facebook.com\/Ceref.helha","article_modified_time":"2024-11-21T12:51:47+00:00","twitter_card":"summary_large_image","twitter_misc":{"Est. reading time":"1 minute"},"schema":{"@context":"https:\/\/schema.org","@graph":[{"@type":"WebPage","@id":"https:\/\/ceref.helha.be\/arts-appliques\/evenements\/","url":"https:\/\/ceref.helha.be\/arts-appliques\/evenements\/","name":"Ev\u00e9nements - CeREF Arts-Appliqu\u00e9s","isPartOf":{"@id":"https:\/\/ceref.helha.be\/arts-appliques\/#website"},"datePublished":"2019-12-17T14:04:45+00:00","dateModified":"2024-11-21T12:51:47+00:00","description":"Le CeREF Appliqu\u00e9s participe \u00e0 des \u00e9v\u00e9nements organis\u00e9s par la HELHa.","breadcrumb":{"@id":"https:\/\/ceref.helha.be\/arts-appliques\/evenements\/#breadcrumb"},"inLanguage":"fr-FR","potentialAction":[{"@type":"ReadAction","target":["https:\/\/ceref.helha.be\/arts-appliques\/evenements\/"]}]},{"@type":"BreadcrumbList","@id":"https:\/\/ceref.helha.be\/arts-appliques\/evenements\/#breadcrumb","itemListElement":[{"@type":"ListItem","position":1,"name":"Home","item":"https:\/\/ceref.helha.be\/arts-appliques\/"},{"@type":"ListItem","position":2,"name":"Ev\u00e9nements"}]},{"@type":"WebSite","@id":"https:\/\/ceref.helha.be\/arts-appliques\/#website","url":"https:\/\/ceref.helha.be\/arts-appliques\/","name":"CeREF Arts-Appliqu\u00e9s - Centre de Recherche et de Formation continue de la HELHa","description":"","publisher":{"@id":"https:\/\/ceref.helha.be\/arts-appliques\/#organization"},"potentialAction":[{"@type":"SearchAction","target":{"@type":"EntryPoint","urlTemplate":"https:\/\/ceref.helha.be\/arts-appliques\/?s={search_term_string}"},"query-input":"required name=search_term_string"}],"inLanguage":"fr-FR"},{"@type":"Organization","@id":"https:\/\/ceref.helha.be\/arts-appliques\/#organization","name":"CeREF Arts-Appliqu\u00e9s - Centre de Recherche et de Formation continue de la HELHa","url":"https:\/\/ceref.helha.be\/arts-appliques\/","logo":{"@type":"ImageObject","inLanguage":"fr-FR","@id":"https:\/\/ceref.helha.be\/arts-appliques\/#\/schema\/logo\/image\/","url":"https:\/\/ceref.helha.be\/arts-appliques\/app\/uploads\/2019\/12\/logo-cerefarts-appliques.jpg","contentUrl":"https:\/\/ceref.helha.be\/arts-appliques\/app\/uploads\/2019\/12\/logo-cerefarts-appliques.jpg","width":278,"height":154,"caption":"CeREF Arts-Appliqu\u00e9s - Centre de Recherche et de Formation continue de la HELHa"},"image":{"@id":"https:\/\/ceref.helha.be\/arts-appliques\/#\/schema\/logo\/image\/"},"sameAs":["https:\/\/www.facebook.com\/Ceref.helha","https:\/\/www.linkedin.com\/company\/ceref-helha\/"]}]}},"_links":{"self":[{"href":"https:\/\/ceref.helha.be\/arts-appliques\/wp-json\/wp\/v2\/pages\/243","targetHints":{"allow":["GET"]}}],"collection":[{"href":"https:\/\/ceref.helha.be\/arts-appliques\/wp-json\/wp\/v2\/pages"}],"about":[{"href":"https:\/\/ceref.helha.be\/arts-appliques\/wp-json\/wp\/v2\/types\/page"}],"author":[{"embeddable":true,"href":"https:\/\/ceref.helha.be\/arts-appliques\/wp-json\/wp\/v2\/users\/1"}],"replies":[{"embeddable":true,"href":"https:\/\/ceref.helha.be\/arts-appliques\/wp-json\/wp\/v2\/comments?post=243"}],"version-history":[{"count":5,"href":"https:\/\/ceref.helha.be\/arts-appliques\/wp-json\/wp\/v2\/pages\/243\/revisions"}],"predecessor-version":[{"id":1660,"href":"https:\/\/ceref.helha.be\/arts-appliques\/wp-json\/wp\/v2\/pages\/243\/revisions\/1660"}],"wp:attachment":[{"href":"https:\/\/ceref.helha.be\/arts-appliques\/wp-json\/wp\/v2\/media?parent=243"}],"curies":[{"name":"wp","href":"https:\/\/api.w.org\/{rel}","templated":true}]}}