{"id":2142,"date":"2026-03-02T13:01:45","date_gmt":"2026-03-02T13:01:45","guid":{"rendered":"https:\/\/ceref.helha.be\/agronomique\/?page_id=2142"},"modified":"2026-03-19T12:18:51","modified_gmt":"2026-03-19T12:18:51","slug":"formation-soigneur-gestion-et-maintien-des-reptiles-en-parcs-zoologiques","status":"publish","type":"page","link":"https:\/\/ceref.helha.be\/agronomique\/formations\/formation-soigneur-gestion-et-maintien-des-reptiles-en-parcs-zoologiques\/","title":{"rendered":"Formation soigneur\u00b7euse &#8211; Gestion et maintien des reptiles en parcs zoologiques"},"content":{"rendered":"<div><\/div>\n<div>\n<p><img loading=\"lazy\" decoding=\"async\" class=\" wp-image-2157\" src=\"https:\/\/ceref.helha.be\/agronomique\/app\/uploads\/2026\/03\/lezard-recadre-300x200.jpg\" alt=\"l\u00e9zard, reptile\" width=\"605\" height=\"403\" srcset=\"https:\/\/ceref.helha.be\/agronomique\/app\/uploads\/2026\/03\/lezard-recadre-300x200.jpg 300w, https:\/\/ceref.helha.be\/agronomique\/app\/uploads\/2026\/03\/lezard-recadre.jpg 750w\" sizes=\"auto, (max-width: 605px) 100vw, 605px\" \/><\/p>\n<\/div>\n<div><span style=\"font-size: 18pt;\"><strong><span style=\"color: #b1ae6e;\">Objectifs\u00a0<\/span><\/strong><\/span><\/div>\n<div><span style=\"color: #ffffff;\">e<\/span><\/div>\n<div>Cette formation est d\u00e9di\u00e9e aux soigneur\u00b7euse\u00b7s animaliers et aux professionnel\u00b7le\u00b7s du secteur zoologique. Elle allie expertise scientifique et pratiques de terrain afin de renforcer les comp\u00e9tences techniques des soigneur\u00b7euse\u00b7s et d&rsquo;actualiser leurs connaissances scientifiques.<\/div>\n<div><span style=\"color: #ffffff;\">e<\/span><\/div>\n<div><span style=\"font-size: 18pt;\"><strong><span style=\"color: #b1ae6e;\">Programme<\/span><\/strong><\/span><\/div>\n<div><span style=\"color: #ffffff;\">e<\/span><\/div>\n<div>9h-12h | Workshops :<\/div>\n<div><span data-olk-copy-source=\"MessageBody\">Encadr\u00e9s par Mme Aude Violette &#8211; Mr Rudy Fourmy (Alphabiotoxine Laboratory) et Mme Estelle Baert &#8211; Mr S\u00e9bastien Nuyts (HELHa)<\/span><\/div>\n<div>\n<ul>\n<li><strong>Am\u00e9nagements de terrariums<\/strong><\/li>\n<li><strong>Utilisation du mat\u00e9riel sp\u00e9cifique<\/strong><\/li>\n<li><strong>Manipulation et contention<\/strong><\/li>\n<\/ul>\n<\/div>\n<div><span style=\"color: #ffffff;\">e<\/span><\/div>\n<div>13h-17h30 | Conf\u00e9rences :<\/div>\n<div>\n<ul>\n<li><strong>Besoins biologiques et am\u00e9nagement des enclos <\/strong>(Olivier Marquis Ph D. &#8211; Curateur reptiles, amphibiens et invert\u00e9br\u00e9s &#8211; Parc zoologique de Paris)<\/li>\n<li><strong>Observation comportementale et bien-\u00eatre animal, t<\/strong><strong>ransport des reptiles, p<\/strong><strong>athologies fr\u00e9quentes en captivit\u00e9 et pr\u00e9vention <\/strong>(Dr Paul Martineaud &#8211; V\u00e9t\u00e9rinaire sp\u00e9cialis\u00e9 NAC et animaux de parcs zoologiques &#8211; Pan Anima)<\/li>\n<li><strong>\u00c9tat et enjeux de la conservation des reptiles en Wallonie <\/strong>(Mr Matthieu Bufkens &#8211; P\u00f4le Rainne &#8211; Natagora)<\/li>\n<\/ul>\n<\/div>\n<div>\n<div><span style=\"color: #ffffff; font-size: 12pt;\">e<\/span><\/div>\n<div><span style=\"font-size: 18pt;\"><strong><span style=\"color: #b1ae6e;\">Date<\/span><\/strong><\/span><\/div>\n<div><span style=\"color: #ffffff;\">e<\/span><\/div>\n<div>\ud83d\udcc5 Le samedi 18 avril 2026<\/div>\n<div><span style=\"color: #ffffff;\">e<\/span><\/div>\n<\/div>\n<div><span style=\"font-size: 18pt;\"><strong><span style=\"color: #b1ae6e;\">Lieu<\/span><\/strong><\/span><\/div>\n<div><span style=\"color: #ffffff;\">e<\/span><\/div>\n<div>\ud83d\udccdHELHa &#8211; Campus Montignies-Sur-Sambre &#8211; 136 rue Trieu Kaisin<\/div>\n<div><span style=\"color: #ffffff;\">e<\/span><\/div>\n<div><span style=\"font-size: 18pt;\"><strong><span style=\"color: #b1ae6e;\">Prix<\/span><\/strong><\/span><\/div>\n<div><span style=\"color: #ffffff;\">e<\/span><\/div>\n<div><strong>150\u20ac<\/strong> pour la demi-journ\u00e9e de conf\u00e9rences | 75 \u20ac pour les \u00e9tudiant\u00b7e\u00b7s bachelier Agronome \u2013 Technologie Animali\u00e8re HELHa<\/div>\n<div><strong>300\u20ac<\/strong> pour la journ\u00e9e compl\u00e8te (workshops + sandwich + conf\u00e9rences) | <span data-olk-copy-source=\"MessageBody\">150 \u20ac pour les \u00e9tudiant\u00b7e\u00b7s bachelier Agronome \u2013 Technologie Animali\u00e8re HELHa<\/span><\/div>\n<div><span style=\"color: #ffffff;\">e<\/span><\/div>\n<div><span style=\"font-size: 18pt;\"><strong><span style=\"color: #b1ae6e;\">\ud83d\udd17\u00a0<a href=\"https:\/\/forms.office.com\/pages\/responsepage.aspx?id=DdTDAQXPJkODYP7OfaVEFPyAvTGl5zlNhKGRqxsboDhUNlNEVE9NNVFSWUQwMTVWMjBCTUpXNlgzVS4u&amp;route=shorturl\">Inscriptions<\/a><\/span><\/strong><\/span><i><\/i><\/div>\n","protected":false},"excerpt":{"rendered":"<p>Objectifs\u00a0 e Cette formation est d\u00e9di\u00e9e aux soigneur\u00b7euse\u00b7s animaliers et aux professionnel\u00b7le\u00b7s du secteur zoologique. Elle allie expertise scientifique et pratiques de terrain afin de renforcer les comp\u00e9tences techniques des soigneur\u00b7euse\u00b7s et d&rsquo;actualiser leurs connaissances scientifiques. e Programme e 9h-12h | Workshops : Encadr\u00e9s par Mme Aude Violette &#8211; Mr Rudy Fourmy (Alphabiotoxine Laboratory) et [&hellip;]<\/p>\n","protected":false},"author":45,"featured_media":0,"parent":238,"menu_order":0,"comment_status":"closed","ping_status":"closed","template":"","meta":{"_acf_changed":false,"footnotes":""},"class_list":["post-2142","page","type-page","status-publish","hentry"],"acf":[],"yoast_head":"<!-- This site is optimized with the Yoast SEO plugin v21.9.1 - https:\/\/yoast.com\/wordpress\/plugins\/seo\/ -->\n<title>Gestion et maintien des reptiles en parcs zoologiques<\/title>\n<meta name=\"description\" content=\"Cette formation est d\u00e9di\u00e9e aux soigneurs animaliers et aux professionnel\u00b7le\u00b7s du secteur zoologique. Elle allie expertise scientifique et pratiques de terrain afin de renforcer leurs comp\u00e9tences techniques et actualiser leurs connaissances scientifiques.\" \/>\n<meta name=\"robots\" content=\"index, follow, max-snippet:-1, max-image-preview:large, max-video-preview:-1\" \/>\n<link rel=\"canonical\" href=\"https:\/\/ceref.helha.be\/agronomique\/formations\/formation-soigneur-gestion-et-maintien-des-reptiles-en-parcs-zoologiques\/\" \/>\n<meta property=\"og:locale\" content=\"fr_FR\" \/>\n<meta property=\"og:type\" content=\"article\" \/>\n<meta property=\"og:title\" content=\"Gestion et maintien des reptiles en parcs zoologiques\" \/>\n<meta property=\"og:description\" content=\"Cette formation est d\u00e9di\u00e9e aux soigneurs animaliers et aux professionnel\u00b7le\u00b7s du secteur zoologique. Elle allie expertise scientifique et pratiques de terrain afin de renforcer leurs comp\u00e9tences techniques et actualiser leurs connaissances scientifiques.\" \/>\n<meta property=\"og:url\" content=\"https:\/\/ceref.helha.be\/agronomique\/formations\/formation-soigneur-gestion-et-maintien-des-reptiles-en-parcs-zoologiques\/\" \/>\n<meta property=\"og:site_name\" content=\"CeREF Agronomique\" \/>\n<meta property=\"article:publisher\" content=\"https:\/\/www.facebook.com\/Ceref.helha\" \/>\n<meta property=\"article:modified_time\" content=\"2026-03-19T12:18:51+00:00\" \/>\n<meta property=\"og:image\" content=\"https:\/\/ceref.helha.be\/agronomique\/app\/uploads\/2026\/03\/lezard-recadre-300x200.jpg\" \/>\n<meta name=\"twitter:card\" content=\"summary_large_image\" \/>\n<meta name=\"twitter:label1\" content=\"Est. reading time\" \/>\n\t<meta name=\"twitter:data1\" content=\"2 minutes\" \/>\n<script type=\"application\/ld+json\" class=\"yoast-schema-graph\">{\"@context\":\"https:\/\/schema.org\",\"@graph\":[{\"@type\":\"WebPage\",\"@id\":\"https:\/\/ceref.helha.be\/agronomique\/formations\/formation-soigneur-gestion-et-maintien-des-reptiles-en-parcs-zoologiques\/\",\"url\":\"https:\/\/ceref.helha.be\/agronomique\/formations\/formation-soigneur-gestion-et-maintien-des-reptiles-en-parcs-zoologiques\/\",\"name\":\"Gestion et maintien des reptiles en parcs zoologiques\",\"isPartOf\":{\"@id\":\"https:\/\/ceref.helha.be\/agronomique\/#website\"},\"datePublished\":\"2026-03-02T13:01:45+00:00\",\"dateModified\":\"2026-03-19T12:18:51+00:00\",\"description\":\"Cette formation est d\u00e9di\u00e9e aux soigneurs animaliers et aux professionnel\u00b7le\u00b7s du secteur zoologique. Elle allie expertise scientifique et pratiques de terrain afin de renforcer leurs comp\u00e9tences techniques et actualiser leurs connaissances scientifiques.\",\"breadcrumb\":{\"@id\":\"https:\/\/ceref.helha.be\/agronomique\/formations\/formation-soigneur-gestion-et-maintien-des-reptiles-en-parcs-zoologiques\/#breadcrumb\"},\"inLanguage\":\"fr-FR\",\"potentialAction\":[{\"@type\":\"ReadAction\",\"target\":[\"https:\/\/ceref.helha.be\/agronomique\/formations\/formation-soigneur-gestion-et-maintien-des-reptiles-en-parcs-zoologiques\/\"]}]},{\"@type\":\"BreadcrumbList\",\"@id\":\"https:\/\/ceref.helha.be\/agronomique\/formations\/formation-soigneur-gestion-et-maintien-des-reptiles-en-parcs-zoologiques\/#breadcrumb\",\"itemListElement\":[{\"@type\":\"ListItem\",\"position\":1,\"name\":\"Home\",\"item\":\"https:\/\/ceref.helha.be\/agronomique\/\"},{\"@type\":\"ListItem\",\"position\":2,\"name\":\"Formations continues\",\"item\":\"https:\/\/ceref.helha.be\/agronomique\/formations\/\"},{\"@type\":\"ListItem\",\"position\":3,\"name\":\"Formation soigneur\u00b7euse &#8211; Gestion et maintien des reptiles en parcs zoologiques\"}]},{\"@type\":\"WebSite\",\"@id\":\"https:\/\/ceref.helha.be\/agronomique\/#website\",\"url\":\"https:\/\/ceref.helha.be\/agronomique\/\",\"name\":\"CeREF Agronomique - Centre de Recherche et de Formation continue de la HELHa\",\"description\":\"Centre de Recherche et de Formation HELHa\",\"publisher\":{\"@id\":\"https:\/\/ceref.helha.be\/agronomique\/#organization\"},\"potentialAction\":[{\"@type\":\"SearchAction\",\"target\":{\"@type\":\"EntryPoint\",\"urlTemplate\":\"https:\/\/ceref.helha.be\/agronomique\/?s={search_term_string}\"},\"query-input\":\"required name=search_term_string\"}],\"inLanguage\":\"fr-FR\"},{\"@type\":\"Organization\",\"@id\":\"https:\/\/ceref.helha.be\/agronomique\/#organization\",\"name\":\"CeREF Agronomique - Centre de Recherche et de Formation continue de la HELHa\",\"url\":\"https:\/\/ceref.helha.be\/agronomique\/\",\"logo\":{\"@type\":\"ImageObject\",\"inLanguage\":\"fr-FR\",\"@id\":\"https:\/\/ceref.helha.be\/agronomique\/#\/schema\/logo\/image\/\",\"url\":\"https:\/\/ceref.helha.be\/agronomique\/app\/uploads\/2026\/01\/ceref-agronomique.jpg\",\"contentUrl\":\"https:\/\/ceref.helha.be\/agronomique\/app\/uploads\/2026\/01\/ceref-agronomique.jpg\",\"width\":242,\"height\":84,\"caption\":\"CeREF Agronomique - Centre de Recherche et de Formation continue de la HELHa\"},\"image\":{\"@id\":\"https:\/\/ceref.helha.be\/agronomique\/#\/schema\/logo\/image\/\"},\"sameAs\":[\"https:\/\/www.facebook.com\/Ceref.helha\",\"https:\/\/www.linkedin.com\/company\/ceref-helha\/\"]}]}<\/script>\n<!-- \/ Yoast SEO plugin. -->","yoast_head_json":{"title":"Gestion et maintien des reptiles en parcs zoologiques","description":"Cette formation est d\u00e9di\u00e9e aux soigneurs animaliers et aux professionnel\u00b7le\u00b7s du secteur zoologique. Elle allie expertise scientifique et pratiques de terrain afin de renforcer leurs comp\u00e9tences techniques et actualiser leurs connaissances scientifiques.","robots":{"index":"index","follow":"follow","max-snippet":"max-snippet:-1","max-image-preview":"max-image-preview:large","max-video-preview":"max-video-preview:-1"},"canonical":"https:\/\/ceref.helha.be\/agronomique\/formations\/formation-soigneur-gestion-et-maintien-des-reptiles-en-parcs-zoologiques\/","og_locale":"fr_FR","og_type":"article","og_title":"Gestion et maintien des reptiles en parcs zoologiques","og_description":"Cette formation est d\u00e9di\u00e9e aux soigneurs animaliers et aux professionnel\u00b7le\u00b7s du secteur zoologique. Elle allie expertise scientifique et pratiques de terrain afin de renforcer leurs comp\u00e9tences techniques et actualiser leurs connaissances scientifiques.","og_url":"https:\/\/ceref.helha.be\/agronomique\/formations\/formation-soigneur-gestion-et-maintien-des-reptiles-en-parcs-zoologiques\/","og_site_name":"CeREF Agronomique","article_publisher":"https:\/\/www.facebook.com\/Ceref.helha","article_modified_time":"2026-03-19T12:18:51+00:00","og_image":[{"url":"https:\/\/ceref.helha.be\/agronomique\/app\/uploads\/2026\/03\/lezard-recadre-300x200.jpg"}],"twitter_card":"summary_large_image","twitter_misc":{"Est. reading time":"2 minutes"},"schema":{"@context":"https:\/\/schema.org","@graph":[{"@type":"WebPage","@id":"https:\/\/ceref.helha.be\/agronomique\/formations\/formation-soigneur-gestion-et-maintien-des-reptiles-en-parcs-zoologiques\/","url":"https:\/\/ceref.helha.be\/agronomique\/formations\/formation-soigneur-gestion-et-maintien-des-reptiles-en-parcs-zoologiques\/","name":"Gestion et maintien des reptiles en parcs zoologiques","isPartOf":{"@id":"https:\/\/ceref.helha.be\/agronomique\/#website"},"datePublished":"2026-03-02T13:01:45+00:00","dateModified":"2026-03-19T12:18:51+00:00","description":"Cette formation est d\u00e9di\u00e9e aux soigneurs animaliers et aux professionnel\u00b7le\u00b7s du secteur zoologique. Elle allie expertise scientifique et pratiques de terrain afin de renforcer leurs comp\u00e9tences techniques et actualiser leurs connaissances scientifiques.","breadcrumb":{"@id":"https:\/\/ceref.helha.be\/agronomique\/formations\/formation-soigneur-gestion-et-maintien-des-reptiles-en-parcs-zoologiques\/#breadcrumb"},"inLanguage":"fr-FR","potentialAction":[{"@type":"ReadAction","target":["https:\/\/ceref.helha.be\/agronomique\/formations\/formation-soigneur-gestion-et-maintien-des-reptiles-en-parcs-zoologiques\/"]}]},{"@type":"BreadcrumbList","@id":"https:\/\/ceref.helha.be\/agronomique\/formations\/formation-soigneur-gestion-et-maintien-des-reptiles-en-parcs-zoologiques\/#breadcrumb","itemListElement":[{"@type":"ListItem","position":1,"name":"Home","item":"https:\/\/ceref.helha.be\/agronomique\/"},{"@type":"ListItem","position":2,"name":"Formations continues","item":"https:\/\/ceref.helha.be\/agronomique\/formations\/"},{"@type":"ListItem","position":3,"name":"Formation soigneur\u00b7euse &#8211; Gestion et maintien des reptiles en parcs zoologiques"}]},{"@type":"WebSite","@id":"https:\/\/ceref.helha.be\/agronomique\/#website","url":"https:\/\/ceref.helha.be\/agronomique\/","name":"CeREF Agronomique - Centre de Recherche et de Formation continue de la HELHa","description":"Centre de Recherche et de Formation HELHa","publisher":{"@id":"https:\/\/ceref.helha.be\/agronomique\/#organization"},"potentialAction":[{"@type":"SearchAction","target":{"@type":"EntryPoint","urlTemplate":"https:\/\/ceref.helha.be\/agronomique\/?s={search_term_string}"},"query-input":"required name=search_term_string"}],"inLanguage":"fr-FR"},{"@type":"Organization","@id":"https:\/\/ceref.helha.be\/agronomique\/#organization","name":"CeREF Agronomique - Centre de Recherche et de Formation continue de la HELHa","url":"https:\/\/ceref.helha.be\/agronomique\/","logo":{"@type":"ImageObject","inLanguage":"fr-FR","@id":"https:\/\/ceref.helha.be\/agronomique\/#\/schema\/logo\/image\/","url":"https:\/\/ceref.helha.be\/agronomique\/app\/uploads\/2026\/01\/ceref-agronomique.jpg","contentUrl":"https:\/\/ceref.helha.be\/agronomique\/app\/uploads\/2026\/01\/ceref-agronomique.jpg","width":242,"height":84,"caption":"CeREF Agronomique - Centre de Recherche et de Formation continue de la HELHa"},"image":{"@id":"https:\/\/ceref.helha.be\/agronomique\/#\/schema\/logo\/image\/"},"sameAs":["https:\/\/www.facebook.com\/Ceref.helha","https:\/\/www.linkedin.com\/company\/ceref-helha\/"]}]}},"_links":{"self":[{"href":"https:\/\/ceref.helha.be\/agronomique\/wp-json\/wp\/v2\/pages\/2142","targetHints":{"allow":["GET"]}}],"collection":[{"href":"https:\/\/ceref.helha.be\/agronomique\/wp-json\/wp\/v2\/pages"}],"about":[{"href":"https:\/\/ceref.helha.be\/agronomique\/wp-json\/wp\/v2\/types\/page"}],"author":[{"embeddable":true,"href":"https:\/\/ceref.helha.be\/agronomique\/wp-json\/wp\/v2\/users\/45"}],"replies":[{"embeddable":true,"href":"https:\/\/ceref.helha.be\/agronomique\/wp-json\/wp\/v2\/comments?post=2142"}],"version-history":[{"count":29,"href":"https:\/\/ceref.helha.be\/agronomique\/wp-json\/wp\/v2\/pages\/2142\/revisions"}],"predecessor-version":[{"id":2177,"href":"https:\/\/ceref.helha.be\/agronomique\/wp-json\/wp\/v2\/pages\/2142\/revisions\/2177"}],"up":[{"embeddable":true,"href":"https:\/\/ceref.helha.be\/agronomique\/wp-json\/wp\/v2\/pages\/238"}],"wp:attachment":[{"href":"https:\/\/ceref.helha.be\/agronomique\/wp-json\/wp\/v2\/media?parent=2142"}],"curies":[{"name":"wp","href":"https:\/\/api.w.org\/{rel}","templated":true}]}}